{"id":9664,"date":"2023-03-13T16:47:36","date_gmt":"2023-03-13T15:47:36","guid":{"rendered":"https:\/\/sp6kwidzyn.pl\/?page_id=9664"},"modified":"2023-03-13T16:50:42","modified_gmt":"2023-03-13T15:50:42","slug":"zadania-na-dni-promocji-zdrowia-w-sp6","status":"publish","type":"page","link":"https:\/\/sp6kwidzyn.pl\/?page_id=9664","title":{"rendered":"Zadania na dni promocji zdrowia w SP6"},"content":{"rendered":"<p><img loading=\"lazy\" decoding=\"async\" class=\"aligncenter size-full wp-image-9667\" src=\"https:\/\/sp6kwidzyn.pl\/wp-content\/uploads\/2023\/03\/logoPromocjaZdrow.png\" alt=\"\" width=\"174\" height=\"172\" \/><\/p>\n<p style=\"text-align: center;\"><span style=\"color: #ff0000;\"><strong>Chc\u0105c krzewi\u0107 zmian\u0119 zachowa\u0144 w zakresie stylu \u017cycia naszych uczni\u00f3w w dniach 19- 22 grudnia odb\u0119d\u0105 si\u0119 w naszej szkole <\/strong><\/span><\/p>\n<p style=\"text-align: center;\"><span style=\"color: #ff0000;\"><strong>DNI PROMOCJI ZDROWIA<\/strong><\/span><\/p>\n<table width=\"675\">\n<tbody>\n<tr>\n<td style=\"text-align: center;\" width=\"37\"><strong>Lp.<\/strong><\/td>\n<td style=\"text-align: center;\" width=\"230\"><strong>Zadanie<\/strong><\/td>\n<td style=\"text-align: center;\" width=\"81\"><strong>Klasy <\/strong><\/p>\n<p><strong>Obj\u0119te zadaniem <\/strong><\/td>\n<td style=\"text-align: center;\" width=\"154\"><strong>Odpowiedzialni za wykonanie zadania<\/strong><\/td>\n<td style=\"text-align: center;\" width=\"173\"><strong>Uwagi<\/strong><\/td>\n<\/tr>\n<tr>\n<td width=\"37\">1.<\/td>\n<td width=\"230\">Ocena BMI<\/td>\n<td width=\"81\">IV-VIII<\/td>\n<td width=\"154\">Piel\u0119gniarka szkolna,<\/td>\n<td width=\"173\"><\/td>\n<\/tr>\n<tr>\n<td width=\"37\">2.<\/td>\n<td width=\"230\">Test wydolno\u015bci Ruffiera<\/td>\n<td width=\"81\">IV-VIII<\/td>\n<td width=\"154\">Nauczyciele w-f<\/td>\n<td width=\"173\"><\/td>\n<\/tr>\n<tr>\n<td width=\"37\">3.<\/td>\n<td width=\"230\">Test sprawno\u015bci motorycznej Zuchory<\/td>\n<td width=\"81\">IV-VIII<\/td>\n<td width=\"154\">Nauczyciele w-f<\/td>\n<td width=\"173\"><\/td>\n<\/tr>\n<tr>\n<td width=\"37\">4.<\/td>\n<td width=\"230\">Elementy relaksacji.<\/p>\n<p>Postarajmy si\u0119 na ka\u017cdej lekcji znale\u017a\u0107 chwilk\u0119 na odstresowanie si\u0119. Mog\u0105 to by\u0107 g\u0142\u0119bokie wdechy i wydechy, rozlu\u017anienie spi\u0119tych ramion i karku, b\u0105d\u017a tylko ws\u0142uchanie si\u0119 w muzyk\u0119.<\/td>\n<td width=\"81\">I-VIII<\/td>\n<td width=\"154\">Wszyscy nauczyciele<\/td>\n<td width=\"173\"><a href=\"https:\/\/www.youtube.com\/watch?v=xSD1B62Xr7g\">https:\/\/www.youtube.com\/watch?v=xSD1B62Xr7g<\/a><\/p>\n<p>&nbsp;<\/p>\n<p><iframe loading=\"lazy\" title=\"Relaxing Sleep Music, Fall Asleep Fast, Stress Relief, Inner Peace\" width=\"500\" height=\"281\" src=\"https:\/\/www.youtube.com\/embed\/SNrBivkrKSk?feature=oembed\" frameborder=\"0\" allow=\"accelerometer; autoplay; clipboard-write; encrypted-media; gyroscope; picture-in-picture; web-share\" referrerpolicy=\"strict-origin-when-cross-origin\" allowfullscreen><\/iframe><\/p>\n<p>&nbsp;<\/td>\n<\/tr>\n<tr>\n<td width=\"37\">5.<\/td>\n<td width=\"230\">Zasady zdrowego od\u017cywiania.<\/td>\n<td width=\"81\">IV- VIII<\/td>\n<td width=\"154\">Nauczyciele przyrody i biologii<\/td>\n<td width=\"173\">Prezentacje do pobrania na serwerze nauczycieli pod zak\u0142adk\u0105 Promocja Zdrowia<\/td>\n<\/tr>\n<tr>\n<td width=\"37\">6.<\/td>\n<td width=\"230\">Stres- konstruktywne sposoby radzenia sobie z negatywnymi emocjami. Sposoby redukowania nadmiernego stresu i radzenia sobie z nim.<\/td>\n<td width=\"81\">IV- VIII<\/td>\n<td width=\"154\">Wychowawcy<\/td>\n<td width=\"173\">Prezentacja do pobrania na serwerze nauczycieli pod zak\u0142adk\u0105 Promocja Zdrowia.<\/td>\n<\/tr>\n<tr>\n<td width=\"37\">7.<\/td>\n<td width=\"230\">Praca plastyczna \u201ezdrowie na talerzu\u201d<\/td>\n<td width=\"81\">IV-VII<\/td>\n<td width=\"154\">Nauczyciel plastyki wychowawcy<\/td>\n<td width=\"173\">Uczniowie ka\u017cdej klasy wy\u0142aniaj\u0105 najciekawsze prace i umieszczaj\u0105 je na zewn\u0119trznej stronie drzwi, pozosta\u0142e prace mo\u017cna powiesi\u0107 wewn\u0105trz klasy.<\/td>\n<\/tr>\n<tr>\n<td width=\"37\">8.<\/td>\n<td width=\"230\">Zdrowe \u015bniadanie<\/td>\n<td width=\"81\">I-VI<\/td>\n<td width=\"154\">Nauczyciel techniki, wychowawcy<\/td>\n<td width=\"173\"><\/td>\n<\/tr>\n<\/tbody>\n<\/table>\n<ul>\n<li><strong>W tym czasie b\u0119d\u0105 odbywa\u0142y si\u0119 Wigilie klasowe, Zesp\u00f3\u0142 Promocji Zdrowia zach\u0119ca, aby na stole pojawi\u0142 si\u0119 zdrowy pocz\u0119stunek.<\/strong><\/li>\n<li>Zapraszamy ch\u0119tne klasy do wzi\u0119cia udzia\u0142u w konkursie pod has\u0142em B\u0105d\u017a aktywny! Trzymaj form\u0119 !\u201d(nasze aktywno\u015bci i dobre nawyki \u017cywieniowe w \u017cyciu codziennym). Zadaniem konkursowym jest nagra\u0107 filmik prezentuj\u0105cy zachowania prozdrowotne klasy w codziennym \u017cyciu szkolnym i pozaszkolnym. Nagrane na p\u0142yt\u0119 lub pendrive prace nale\u017cy dostarczy\u0107 do 13 stycznia do gabinetu p. piel\u0119gniarki. Je\u015bli filmy b\u0119d\u0105 opatrzone muzyk\u0105, prosz\u0119 korzysta\u0107 z legalnych \u017ar\u00f3de\u0142. Zwyci\u0119ska klas otrzyma w prezencie \u201dklasowy super dzie\u0144, czyli dzie\u0144 klasowej integracji z piknikiem i zabawami w kwidzy\u0144skim arboretum. Wyr\u00f3\u017cnione prace otrzymaj\u0105 nagrody niespodzianki.<\/li>\n<\/ul>\n","protected":false},"excerpt":{"rendered":"<p>Chc\u0105c krzewi\u0107 zmian\u0119 zachowa\u0144 w zakresie stylu \u017cycia naszych uczni\u00f3w w dniach 19- 22 grudnia odb\u0119d\u0105 si\u0119 w naszej szkole [&hellip;]<\/p>\n","protected":false},"author":1,"featured_media":0,"parent":0,"menu_order":0,"comment_status":"closed","ping_status":"closed","template":"","meta":{"footnotes":""},"class_list":["post-9664","page","type-page","status-publish","hentry","has_thumb"],"aioseo_notices":[],"_links":{"self":[{"href":"https:\/\/sp6kwidzyn.pl\/index.php?rest_route=\/wp\/v2\/pages\/9664","targetHints":{"allow":["GET"]}}],"collection":[{"href":"https:\/\/sp6kwidzyn.pl\/index.php?rest_route=\/wp\/v2\/pages"}],"about":[{"href":"https:\/\/sp6kwidzyn.pl\/index.php?rest_route=\/wp\/v2\/types\/page"}],"author":[{"embeddable":true,"href":"https:\/\/sp6kwidzyn.pl\/index.php?rest_route=\/wp\/v2\/users\/1"}],"replies":[{"embeddable":true,"href":"https:\/\/sp6kwidzyn.pl\/index.php?rest_route=%2Fwp%2Fv2%2Fcomments&post=9664"}],"version-history":[{"count":3,"href":"https:\/\/sp6kwidzyn.pl\/index.php?rest_route=\/wp\/v2\/pages\/9664\/revisions"}],"predecessor-version":[{"id":9668,"href":"https:\/\/sp6kwidzyn.pl\/index.php?rest_route=\/wp\/v2\/pages\/9664\/revisions\/9668"}],"wp:attachment":[{"href":"https:\/\/sp6kwidzyn.pl\/index.php?rest_route=%2Fwp%2Fv2%2Fmedia&parent=9664"}],"curies":[{"name":"wp","href":"https:\/\/api.w.org\/{rel}","templated":true}]}}