{"id":7062,"date":"2021-06-08T07:36:06","date_gmt":"2021-06-08T05:36:06","guid":{"rendered":"https:\/\/sp6kwidzyn.pl\/?page_id=7062"},"modified":"2021-06-08T07:36:06","modified_gmt":"2021-06-08T05:36:06","slug":"nasza-szkola-w-moich-wspomnieniach-regulamin-konkursu-literackiego","status":"publish","type":"page","link":"https:\/\/sp6kwidzyn.pl\/?page_id=7062","title":{"rendered":"Nasza szko\u0142a w moich wspomnieniach.Regulamin konkursu literackiego."},"content":{"rendered":"<p><strong>ORGANIZATOR<\/strong><\/p>\n<p>Szko\u0142a Podstawowa nr 6 w Kwidzynie<\/p>\n<p>Koordynatorzy: Miros\u0142awa Dorosz, Wioletta Hillar<\/p>\n<p><strong>\u00a0<\/strong><strong>CEL I ZADANIA KONKURSU<\/strong><\/p>\n<ul>\n<li><strong>Przedstawienie niezwyk\u0142ego, ciekawego, zabawnego lub zaskakuj\u0105cego wydarzenia z\u00a0lat szkolnych.<\/strong><\/li>\n<li>Popularyzowanie tw\u00f3rczo\u015bci literackiej.<\/li>\n<li>Rozwijanie wra\u017cliwo\u015bci, wyobra\u017ani, kreatywno\u015bci.<\/li>\n<li>Promowanie warto\u015bci edukacji w \u017cyciu cz\u0142owieka.<\/li>\n<\/ul>\n<p><strong>\u00a0<\/strong><strong>UCZESTNICY KONKURSU<\/strong><\/p>\n<ul>\n<li>Byli i obecni nauczyciele i pracownicy Szko\u0142y Podstawowej nr 6 w Kwidzynie;<\/li>\n<li>Absolwenci Szko\u0142y Podstawowej nr 6 w Kwidzynie.<\/li>\n<\/ul>\n<p><strong>\u00a0<\/strong><strong>ZASADY UCZESTNICTWA W KONKURSIE<\/strong><\/p>\n<ol>\n<li>Ka\u017cdy uczestnik konkursu mo\u017ce nades\u0142a\u0107 maksymalnie 1 prac\u0119.<\/li>\n<li><strong>Tre\u015b\u0107 prac powinna dotyczy\u0107 Szko\u0142y Podstawowej nr 6 w Kwidzynie.<\/strong><\/li>\n<li><strong>Forma prac &#8211; dowolna (opowiadanie, wiersz, kartka z pami\u0119tnika) zainspirowana jednym z\u00a0dw\u00f3ch temat\u00f3w:<\/strong><\/li>\n<\/ol>\n<ul>\n<li>\u201eWspomnienia ze szko\u0142y proz\u0105 i wierszem napisane\u201d;<\/li>\n<li>\u201eJeden dzie\u0144 z \u017cycia ucznia w pami\u0119tniku wpisany\u201d.<\/li>\n<\/ul>\n<p>Komisja powo\u0142ana przez Organizatora b\u0119dzie ocenia\u0107:<\/p>\n<ul>\n<li>zgodno\u015b\u0107 z tematyk\u0105 konkursu,<\/li>\n<li>pomys\u0142owo\u015b\u0107 i inwencj\u0119 tw\u00f3rcz\u0105 autora.<\/li>\n<\/ul>\n<p>Decyzje komisji s\u0105 ostateczne.<\/p>\n<ol start=\"4\">\n<li>Prace bior\u0105ce udzia\u0142 w konkursie powinny by\u0107 pracami autorskimi, wcze\u015bniej niepublikowanymi i nieprzedstawianymi w innych konkursach. Uczestnictwo w konkursie jest potwierdzeniem spe\u0142nienia powy\u017cszego warunku.<\/li>\n<li>Praca powinna by\u0107 przygotowana samodzielnie, nie mo\u017ce narusza\u0107 praw autorskich os\u00f3b trzecich.<\/li>\n<li>Do prac mo\u017cna do\u0142\u0105czy\u0107 fotografie i\/lub ilustracje z okresu nauki w szkole.<\/li>\n<li>Zg\u0142oszenie pracy na konkurs oznacza akceptacj\u0119 Regulaminu w ca\u0142o\u015bci, wyra\u017cenie zgody na przetwarzanie danych osobowych w celach zwi\u0105zanych z organizacj\u0105 konkursu (zgodnie z Ustaw\u0105 o ochronie danych osobowych z dnia 10 maja 2018 roku, Dz.U. z\u00a02018\u00a0r. poz. 1000, z p\u00f3\u017aniejszymi zmianami).<\/li>\n<li>W przypadku stwierdzonych nadu\u017cy\u0107 polegaj\u0105cych na plagiacie oraz niespe\u0142nieniu warunk\u00f3w zawartych w niniejszym regulaminie jury konkursu zastrzega sobie prawo do wy\u0142\u0105czenia pracyz konkursu.<\/li>\n<li>Prace nie b\u0119d\u0105 odsy\u0142ane uczestnikom konkursu, z chwil\u0105 nades\u0142ania przechodz\u0105 na w\u0142asno\u015b\u0107 organizatora.<\/li>\n<\/ol>\n<p><strong>\u00a0<\/strong><strong>WARUNKI TECHNICZNE PRAC:<\/strong><\/p>\n<ul>\n<li>nad tekstem nale\u017cy umie\u015bci\u0107 tytu\u0142 pracy;<\/li>\n<li>prace mog\u0105 by\u0107 wydrukowane w formacie: doc., docx; maksymalnie 2 strony maszynopisu, czcionka Times New Roman 12, interlinia 1,5;<\/li>\n<li>autor\u00f3w, kt\u00f3rzy nade\u015bl\u0105 prace napisane odr\u0119cznie, prosimy o szczeg\u00f3lne zwr\u00f3cenie uwagi na staranno\u015b\u0107 pisma; prac napisanych nieczytelnie jury nie ocenia;<\/li>\n<li>pod tekstem pracy autor winien umie\u015bci\u0107 imi\u0119 i nazwisko oraz numer telefonu lub adres e-mail;<\/li>\n<li>do pracy konkursowej nale\u017cy do\u0142\u0105czy\u0107 o\u015bwiadczenie (za\u0142\u0105cznik do Regulaminu) podpisane przez autora. O\u015bwiadczenie, po podpisaniu, mo\u017ce by\u0107 zeskanowane i przes\u0142ane drog\u0105 e-mailow\u0105.<\/li>\n<\/ul>\n<p><strong>\u00a0<\/strong><strong>TERMIN ZG\u0141ASZANIA PRAC<\/strong><\/p>\n<ol>\n<li>Prace nale\u017cy sk\u0142ada\u0107 do 30.09.2021\u00a0r., wybieraj\u0105c jeden ze sposob\u00f3w:<\/li>\n<\/ol>\n<ul>\n<li>przes\u0142a\u0107 na adres e-mail: <a href=\"mailto:biblioteka@sp6kwidzyn.pl\">biblioteka@sp6kwidzyn.pl<\/a> ;<\/li>\n<li>przes\u0142a\u0107 na adres szko\u0142y: Szko\u0142a Podstawowa nr 6 w Kwidzynie, ul. Grunwaldzka 54, 82-500 Kwidzyn (z dopiskiem na kopercie KONKURS LITERACKI);<\/li>\n<\/ul>\n<ul>\n<li>z\u0142o\u017cy\u0107 w sekretariacie szko\u0142y (z\u00a0dopiskiem na kopercie KONKURS LITERACKI).<\/li>\n<\/ul>\n<p><strong>\u00a0<\/strong><strong>NAGRODY<\/strong><\/p>\n<ol>\n<li>O terminie i sposobie wr\u0119czenia nagr\u00f3d laureaci zostan\u0105 powiadomieni telefonicznie lub drog\u0105 e-mailow\u0105.<\/li>\n<li>Wyniki konkursu zostan\u0105 opublikowane na stronie internetowej Szko\u0142y Podstawowej nr 6 w Kwidzynie \u00a0<a href=\"http:\/\/www.sp6kwidzyn.pl\">sp6kwidzyn.pl<\/a><\/li>\n<\/ol>\n<p>&nbsp;<\/p>\n<p>Za\u0142\u0105cznik do regulaminu konkursu literackiego <em>Nasza szko\u0142a w moich wspomnieniach<\/em><\/p>\n<p>&nbsp;<\/p>\n<p style=\"text-align: center;\">O\u015aWIADCZENIE<\/p>\n<p>O\u015bwiadczam, \u017ce akceptuj\u0119 regulamin konkursu literackiego \u201eNasza szko\u0142a w moich wspomnieniach\u201d.<\/p>\n<p>&nbsp;<\/p>\n<p>Wyra\u017cam zgod\u0119\/ nie wyra\u017cam zgody*\u00a0 na publikowanie mojego imienia i nazwiska oraz pracy konkursowej w mediach, wydawnictwach i innych publikacjach jubileuszowych.<\/p>\n<p>&nbsp;<\/p>\n<p>&nbsp;<\/p>\n<p style=\"text-align: center;\">\u00a0\u00a0\u00a0\u00a0\u00a0\u00a0\u00a0\u00a0\u00a0\u00a0\u00a0 &#8212;&#8212;&#8212;&#8212;&#8212;&#8212;&#8211;\u00a0\u00a0\u00a0\u00a0\u00a0\u00a0\u00a0\u00a0\u00a0\u00a0\u00a0\u00a0\u00a0\u00a0\u00a0\u00a0\u00a0\u00a0\u00a0\u00a0 \u00a0\u00a0\u00a0\u00a0\u00a0\u00a0\u00a0\u00a0\u00a0\u00a0\u00a0\u00a0\u00a0\u00a0\u00a0\u00a0\u00a0\u00a0\u00a0\u00a0\u00a0\u00a0\u00a0 &#8212;&#8212;&#8212;&#8212;&#8212;&#8212;&#8212;&#8212;&#8212;&#8212;&#8212;&#8212;&#8212;&#8212;-<\/p>\n<p style=\"text-align: center;\">Data\u00a0\u00a0\u00a0\u00a0\u00a0\u00a0\u00a0\u00a0\u00a0\u00a0\u00a0\u00a0\u00a0\u00a0\u00a0\u00a0\u00a0\u00a0\u00a0\u00a0\u00a0\u00a0\u00a0\u00a0\u00a0\u00a0\u00a0\u00a0\u00a0\u00a0\u00a0\u00a0\u00a0\u00a0\u00a0\u00a0\u00a0 \u00a0\u00a0\u00a0\u00a0\u00a0\u00a0\u00a0\u00a0\u00a0\u00a0\u00a0\u00a0\u00a0\u00a0\u00a0\u00a0\u00a0\u00a0\u00a0\u00a0\u00a0\u00a0\u00a0\u00a0\u00a0\u00a0\u00a0\u00a0\u00a0\u00a0 Czytelny podpis<\/p>\n<p>&nbsp;<\/p>\n<p>*niepotrzebne skre\u015bli\u0107<\/p>\n","protected":false},"excerpt":{"rendered":"<p>ORGANIZATOR Szko\u0142a Podstawowa nr 6 w Kwidzynie Koordynatorzy: Miros\u0142awa Dorosz, Wioletta Hillar \u00a0CEL I ZADANIA KONKURSU Przedstawienie niezwyk\u0142ego, ciekawego, zabawnego [&hellip;]<\/p>\n","protected":false},"author":1,"featured_media":0,"parent":0,"menu_order":0,"comment_status":"closed","ping_status":"closed","template":"","meta":{"footnotes":""},"class_list":["post-7062","page","type-page","status-publish","hentry","has_no_thumb"],"aioseo_notices":[],"_links":{"self":[{"href":"https:\/\/sp6kwidzyn.pl\/index.php?rest_route=\/wp\/v2\/pages\/7062","targetHints":{"allow":["GET"]}}],"collection":[{"href":"https:\/\/sp6kwidzyn.pl\/index.php?rest_route=\/wp\/v2\/pages"}],"about":[{"href":"https:\/\/sp6kwidzyn.pl\/index.php?rest_route=\/wp\/v2\/types\/page"}],"author":[{"embeddable":true,"href":"https:\/\/sp6kwidzyn.pl\/index.php?rest_route=\/wp\/v2\/users\/1"}],"replies":[{"embeddable":true,"href":"https:\/\/sp6kwidzyn.pl\/index.php?rest_route=%2Fwp%2Fv2%2Fcomments&post=7062"}],"version-history":[{"count":1,"href":"https:\/\/sp6kwidzyn.pl\/index.php?rest_route=\/wp\/v2\/pages\/7062\/revisions"}],"predecessor-version":[{"id":7063,"href":"https:\/\/sp6kwidzyn.pl\/index.php?rest_route=\/wp\/v2\/pages\/7062\/revisions\/7063"}],"wp:attachment":[{"href":"https:\/\/sp6kwidzyn.pl\/index.php?rest_route=%2Fwp%2Fv2%2Fmedia&parent=7062"}],"curies":[{"name":"wp","href":"https:\/\/api.w.org\/{rel}","templated":true}]}}