{"id":6169,"date":"2021-02-10T17:30:24","date_gmt":"2021-02-10T16:30:24","guid":{"rendered":"https:\/\/sp6kwidzyn.pl\/?page_id=6169"},"modified":"2025-02-13T07:39:27","modified_gmt":"2025-02-13T06:39:27","slug":"dokumenty-rekrutacyjne-w-roku-szkolnym-2020-2021","status":"publish","type":"page","link":"https:\/\/sp6kwidzyn.pl\/?page_id=6169","title":{"rendered":"Dokumenty rekrutacyjne w roku szkolnym 2025\/2026."},"content":{"rendered":"<p style=\"text-align: center;\"><a href=\"https:\/\/sp6kwidzyn.pl\/wp-content\/uploads\/2025\/02\/ZGLOSZENIE-DZIECKA-Z-OBWODU-SZKOLY.doc\">ZG\u0141OSZENIE DZIECKA Z OBWODU SZKO\u0141Y<\/a><\/p>\n<p style=\"text-align: center;\"><a href=\"https:\/\/sp6kwidzyn.pl\/wp-content\/uploads\/2025\/02\/WNIOSEK-O-PRZYJECIE-DZIECKA-SPOZA-OBWODU-SZKOLY.doc\">WNIOSEK O PRZYJ\u0118CIE DZIECKA SPOZA OBWODU SZKO\u0141Y<\/a><\/p>\n<p style=\"text-align: center;\"><a href=\"https:\/\/sp6kwidzyn.pl\/wp-content\/uploads\/2025\/02\/WNIOSEK-O-PRZYJECIE-DZIECKA-DO-ODDZ.-MISTRZOSTWA-SPORTOWEGO.doc\">WNIOSEK O PRZYJ\u0118CIE DZIECKA DO KLASY SPORTOWEJ<\/a><\/p>\n","protected":false},"excerpt":{"rendered":"<p>ZG\u0141OSZENIE DZIECKA Z OBWODU SZKO\u0141Y WNIOSEK O PRZYJ\u0118CIE DZIECKA SPOZA OBWODU SZKO\u0141Y WNIOSEK O PRZYJ\u0118CIE DZIECKA DO KLASY SPORTOWEJ<\/p>\n","protected":false},"author":1,"featured_media":0,"parent":0,"menu_order":0,"comment_status":"closed","ping_status":"closed","template":"","meta":{"footnotes":""},"class_list":["post-6169","page","type-page","status-publish","hentry","has_no_thumb"],"aioseo_notices":[],"_links":{"self":[{"href":"https:\/\/sp6kwidzyn.pl\/index.php?rest_route=\/wp\/v2\/pages\/6169","targetHints":{"allow":["GET"]}}],"collection":[{"href":"https:\/\/sp6kwidzyn.pl\/index.php?rest_route=\/wp\/v2\/pages"}],"about":[{"href":"https:\/\/sp6kwidzyn.pl\/index.php?rest_route=\/wp\/v2\/types\/page"}],"author":[{"embeddable":true,"href":"https:\/\/sp6kwidzyn.pl\/index.php?rest_route=\/wp\/v2\/users\/1"}],"replies":[{"embeddable":true,"href":"https:\/\/sp6kwidzyn.pl\/index.php?rest_route=%2Fwp%2Fv2%2Fcomments&post=6169"}],"version-history":[{"count":12,"href":"https:\/\/sp6kwidzyn.pl\/index.php?rest_route=\/wp\/v2\/pages\/6169\/revisions"}],"predecessor-version":[{"id":11130,"href":"https:\/\/sp6kwidzyn.pl\/index.php?rest_route=\/wp\/v2\/pages\/6169\/revisions\/11130"}],"wp:attachment":[{"href":"https:\/\/sp6kwidzyn.pl\/index.php?rest_route=%2Fwp%2Fv2%2Fmedia&parent=6169"}],"curies":[{"name":"wp","href":"https:\/\/api.w.org\/{rel}","templated":true}]}}