{"id":6081,"date":"2021-02-06T09:42:38","date_gmt":"2021-02-06T08:42:38","guid":{"rendered":"https:\/\/sp6kwidzyn.pl\/?page_id=6081"},"modified":"2021-02-06T10:02:02","modified_gmt":"2021-02-06T09:02:02","slug":"bezpieczny-internet-przewodnik-dla-rodzicow","status":"publish","type":"page","link":"https:\/\/sp6kwidzyn.pl\/?page_id=6081","title":{"rendered":"Bezpieczny Internet. Przewodnik dla rodzic\u00f3w."},"content":{"rendered":"<p><img loading=\"lazy\" decoding=\"async\" class=\"wp-image-6082 alignleft\" src=\"https:\/\/sp6kwidzyn.pl\/wp-content\/uploads\/2021\/02\/cloud-3865312_1920.jpg\" alt=\"\" width=\"274\" height=\"274\" srcset=\"https:\/\/sp6kwidzyn.pl\/wp-content\/uploads\/2021\/02\/cloud-3865312_1920.jpg 1920w, https:\/\/sp6kwidzyn.pl\/wp-content\/uploads\/2021\/02\/cloud-3865312_1920-300x300.jpg 300w, https:\/\/sp6kwidzyn.pl\/wp-content\/uploads\/2021\/02\/cloud-3865312_1920-1024x1024.jpg 1024w, https:\/\/sp6kwidzyn.pl\/wp-content\/uploads\/2021\/02\/cloud-3865312_1920-150x150.jpg 150w, https:\/\/sp6kwidzyn.pl\/wp-content\/uploads\/2021\/02\/cloud-3865312_1920-768x768.jpg 768w, https:\/\/sp6kwidzyn.pl\/wp-content\/uploads\/2021\/02\/cloud-3865312_1920-1536x1536.jpg 1536w\" sizes=\"auto, (max-width: 274px) 100vw, 274px\" \/>Internet daje wiele mo\u017cliwo\u015bci, zw\u0142aszcza dzieciom, kt\u00f3rym pomaga w nauce, zabawie, poznawaniu nowych ludzi oraz komunikowaniu si\u0119 ze \u015bwiatem.<\/p>\n<p>Zagro\u017cenia w Internecie:<\/p>\n<ul>\n<li>Tre\u015bci, z kt\u00f3rymi nie chcia\u0142by\u015b, \u017ceby Twoje dziecko si\u0119 zetkn\u0119\u0142o.<\/li>\n<li>Ludzie, z kt\u00f3rymi nie chcia\u0142by\u015b, aby Twoje dziecko si\u0119 spotka\u0142o.<\/li>\n<li>Internet staje si\u0119 bezpieczniejszy, gdy rodzice \/ opiekunowie znaj\u0105 zasady bezpiecznego korzystania z Sieci. Je\u015bli rodzice\/opiekunowie rozmawiaj\u0105 z\u00a0dzie\u0107mi o Internecie i wsp\u00f3lnie go poznaj\u0105.<\/li>\n<\/ul>\n<p>Co warto wiedzie\u0107?<\/p>\n<ul>\n<li>Jakie nieodpowiednie lub niechciane materia\u0142y Twoje dziecko mo\u017ce znale\u017a\u0107 w Internecie.<\/li>\n<li>W jaki spos\u00f3b mo\u017cesz poprowadzi\u0107 swoje dziecko przez \u015bwiat Internetu, tak aby korzystaj\u0105c z niego by\u0142o bezpieczne.<\/li>\n<li>Pami\u0119taj \u2014 zar\u00f3wno Ty, jak i Twoje dziecko powinni\u015bcie by\u0107 ostro\u017cni podczas podawania przez Internet swoich danych osobowych. Nigdy nie wiadomo do kogo te dane mog\u0105 trafi\u0107 i do jakich cel\u00f3w zostan\u0105 wykorzystane.<\/li>\n<\/ul>\n<p><strong>CZATY, KOMUNIKATORY<\/strong><\/p>\n<p>To serwisy internetowe, dzi\u0119ki kt\u00f3rym dzieci mog\u0105 pozna\u0107 nowych znajomych. S\u0105\u00a0one bardzo popularne i pozwalaj\u0105 na rozmow\u0119 z osobami, kt\u00f3re mieszkaj\u0105 na drugim ko\u0144cu kraju lub nawet na drugim kra\u0144cu \u015bwiata. Niestety, serwisy komunikacyjne wykorzystywane s\u0105 r\u00f3wnie\u017c przez osoby o nieuczciwych zamiarach, kt\u00f3re coraz cz\u0119\u015bciej wykorzystuj\u0105 <em>chat roomy<\/em> oraz komunikatory do kontaktowania si\u0119 z najm\u0142odszymi u\u017cytkownikami Internetu, co zazwyczaj prowadzi do spotkania w rzeczywistym \u015bwiecie.<\/p>\n<p><strong>Co mo\u017cesz zrobi\u0107?<\/strong><\/p>\n<p>Porozmawiaj ze swoim dzieckiem o jego znajomych poznanych w sieci \u2013 dorad\u017a mu, aby robi\u0142o kopie swoich internetowych konwersacji. Je\u015bli Twoje dziecko idzie na spotkanie z kim\u015b poznanym w Internecie, upewnij si\u0119, \u017ce um\u00f3wi\u0142o si\u0119 w miejscu publicznym i \u017ce nie p\u00f3jdzie na takie spotkanie w pojedynk\u0119. Najlepiej, gdy towarzyszy\u0107 mu b\u0119dzie osoba doros\u0142a.<\/p>\n<p>Ostrze\u017c swoje dziecko, by nie podawa\u0142o osobom poznanym przez Internet swoich danych osobowych, np. prawdziwego imienia i nazwiska, numeru telefonu, adresu, adresu e-mail, nazwy szko\u0142y.<\/p>\n<p><strong>E-MAIL<\/strong><\/p>\n<p>Poczta elektroniczna jest \u015bwietnym sposobem na porozumiewanie si\u0119. Jednak\u017ce, wiadomo\u015bci mailowe kryj\u0105 w sobie niebezpiecze\u0144stwa. Niekt\u00f3re e-maile zawieraj\u0105 wirusy, kt\u00f3re mog\u0105 uszkodzi\u0107 komputer. Ponadto, wiadomo\u015bci-\u015bmieci (<em>spam<\/em>) cz\u0119sto zawieraj\u0105 materia\u0142y pornograficzne lub inne niebezpieczne tre\u015bci.<\/p>\n<p><strong>Co mo\u017cesz zrobi\u0107?<\/strong><\/p>\n<ul>\n<li>Upewnij si\u0119, \u017ce Twoje dziecko korzysta ze skrzynki mailowej z w\u0142\u0105czonym filtrem. W ten spos\u00f3b na jego konto nie b\u0119d\u0105 przychodzi\u0142y niechciane wiadomo\u015bci. Mo\u017cna r\u00f3wnie\u017c skonfigurowa\u0107 poczt\u0119 tak, \u017ce pewne adresy zostan\u0105 zablokowane.<\/li>\n<li>Sprawd\u017a czy Tw\u00f3j komputer ma w\u0142\u0105czon\u0105 aktualn\u0105 ochron\u0119 antywirusow\u0105. Pami\u0119taj o regularnym skanowaniu komputera w celu wyeliminowania ewentualnych wirus\u00f3w.<\/li>\n<li>Nielegalne tre\u015bci napotkane w Internecie zg\u0142o\u015b do Punktu kontaktowego ds. zwalczania nielegalnych tre\u015bci w Internecie \u2013 <a href=\"http:\/\/www.hotline.org.pl\">hotline.org.pl<\/a><\/li>\n<\/ul>\n<p><strong>STRONY INTERNETOWE<\/strong><\/p>\n<p>W Internecie mo\u017cna znale\u017a\u0107 strony zawieraj\u0105ce informacje praktycznie na ka\u017cdy temat. Jednak\u017ce opr\u00f3cz wielu u\u017cytecznych, ciekawych i zabawnych stron, s\u0105 r\u00f3wnie\u017c i takie, kt\u00f3re zawieraj\u0105 nieodpowiednie dla dzieci materia\u0142y szerz\u0105ce tre\u015bci rasistowskie, pornografi\u0119, agresj\u0119. Na pewno nie chcia\u0142by\u015b, aby Twoje dziecko zetkn\u0119\u0142o si\u0119 z tego typu stronami.<\/p>\n<p><strong>Co mo\u017cesz zrobi\u0107?<\/strong><\/p>\n<ul>\n<li>Naucz swoje dziecko przechowywa\u0107 strony, kt\u00f3re regularnie odwiedza w\u00a0folderze \u201eUlubione\u201d, aby nie musia\u0142o wyszukiwa\u0107 ich ponownie w\u00a0wyszukiwarce internetowej i tym samym by\u0107 nara\u017cone na omy\u0142kowe trafienie na nieodpowiednie witryny.<\/li>\n<li>Rozmawiaj z dzieckiem o niebezpiecznych tre\u015bciach w Internecie. Warto zainteresowa\u0107 si\u0119 jakie strony w Sieci Twoje dziecko odwiedza.<\/li>\n<li>W przypadku m\u0142odszych dzieci dobrym pomys\u0142em mo\u017ce by\u0107 zainstalowanie oprogramowania filtruj\u0105cego, kt\u00f3re zablokuje dost\u0119p do niepo\u017c\u0105danych stron.<\/li>\n<\/ul>\n<p><strong>Gdzie zg\u0142asza\u0107 nielegalne tre\u015bci znalezione w Sieci?<\/strong><\/p>\n<p>Punkt kontaktowy ds. zwalczania nielegalnych tre\u015bci w Internecie przyjmuje zg\u0142oszenia w nast\u0119puj\u0105cy spos\u00f3b:<\/p>\n<ul>\n<li>poczt\u0105 elektroniczn\u0105 pod adresem: dyzurnet@hotline.org.pl;<\/li>\n<li>za pomoc\u0105 formularza internetowego ze strony: <a href=\"http:\/\/www.hotline.org.pl\/\">hotline.org.pl<\/a>;<\/li>\n<li>zwyk\u0142ym listem na adres :Naukowa i Akademicka Sie\u0107 Komputerowa, 02-796 Warszawa, ul. W\u0105wozowa 18 &#8211; z dopiskiem HOTLINE; faksem: +48 22 523-10-55; telefonicznie: 0-801-615-005; telefonicznie: +48 22 523-10-50;<\/li>\n<li>Ka\u017cdy z powy\u017cszych sposob\u00f3w przekazywania informacji zapewnia poufno\u015b\u0107.<\/li>\n<\/ul>\n<p><em>Ulotka przygotowana zosta\u0142a w ramach projektu UE Safer Internet Action Plan z okazji Dnia Bezpiecznego Internetu 2005.<\/em> <em>Wi\u0119cej informacji o bezpiecze\u0144stwie w Internecie: www.dzieckowsieci.pl<\/em><\/p>\n<p><em>\u00a0<\/em><\/p>\n<p style=\"text-align: right;\">Opracowa\u0142a: JBOprawa<\/p>\n<p style=\"text-align: right;\">\u0179r\u00f3d\u0142o: <a href=\"http:\/\/www.dzieckowsieci.pl\/\">www.dzieckowsieci.pl<\/a><\/p>\n","protected":false},"excerpt":{"rendered":"<p>Internet daje wiele mo\u017cliwo\u015bci, zw\u0142aszcza dzieciom, kt\u00f3rym pomaga w nauce, zabawie, poznawaniu nowych ludzi oraz komunikowaniu si\u0119 ze \u015bwiatem. Zagro\u017cenia [&hellip;]<\/p>\n","protected":false},"author":1,"featured_media":0,"parent":0,"menu_order":0,"comment_status":"closed","ping_status":"closed","template":"","meta":{"footnotes":""},"class_list":["post-6081","page","type-page","status-publish","hentry","has_thumb"],"aioseo_notices":[],"_links":{"self":[{"href":"https:\/\/sp6kwidzyn.pl\/index.php?rest_route=\/wp\/v2\/pages\/6081","targetHints":{"allow":["GET"]}}],"collection":[{"href":"https:\/\/sp6kwidzyn.pl\/index.php?rest_route=\/wp\/v2\/pages"}],"about":[{"href":"https:\/\/sp6kwidzyn.pl\/index.php?rest_route=\/wp\/v2\/types\/page"}],"author":[{"embeddable":true,"href":"https:\/\/sp6kwidzyn.pl\/index.php?rest_route=\/wp\/v2\/users\/1"}],"replies":[{"embeddable":true,"href":"https:\/\/sp6kwidzyn.pl\/index.php?rest_route=%2Fwp%2Fv2%2Fcomments&post=6081"}],"version-history":[{"count":1,"href":"https:\/\/sp6kwidzyn.pl\/index.php?rest_route=\/wp\/v2\/pages\/6081\/revisions"}],"predecessor-version":[{"id":6083,"href":"https:\/\/sp6kwidzyn.pl\/index.php?rest_route=\/wp\/v2\/pages\/6081\/revisions\/6083"}],"wp:attachment":[{"href":"https:\/\/sp6kwidzyn.pl\/index.php?rest_route=%2Fwp%2Fv2%2Fmedia&parent=6081"}],"curies":[{"name":"wp","href":"https:\/\/api.w.org\/{rel}","templated":true}]}}