{"id":280,"date":"2019-03-06T21:23:46","date_gmt":"2019-03-06T20:23:46","guid":{"rendered":"http:\/\/sp6kwidzyn.pl\/?page_id=280"},"modified":"2020-01-02T14:58:02","modified_gmt":"2020-01-02T13:58:02","slug":"informacje-ogolne","status":"publish","type":"page","link":"https:\/\/sp6kwidzyn.pl\/?page_id=280","title":{"rendered":"Podstawy prawne Doradztwa Zawodowego"},"content":{"rendered":"<p style=\"text-align: left;\"><img loading=\"lazy\" decoding=\"async\" class=\"wp-image-282 aligncenter\" src=\"https:\/\/sp6kwidzyn.pl\/wp-content\/uploads\/2019\/03\/clause-684509_1280-300x300.jpg\" alt=\"\" width=\"236\" height=\"236\" srcset=\"https:\/\/sp6kwidzyn.pl\/wp-content\/uploads\/2019\/03\/clause-684509_1280-300x300.jpg 300w, https:\/\/sp6kwidzyn.pl\/wp-content\/uploads\/2019\/03\/clause-684509_1280-150x150.jpg 150w, https:\/\/sp6kwidzyn.pl\/wp-content\/uploads\/2019\/03\/clause-684509_1280-768x768.jpg 768w, https:\/\/sp6kwidzyn.pl\/wp-content\/uploads\/2019\/03\/clause-684509_1280-1024x1024.jpg 1024w, https:\/\/sp6kwidzyn.pl\/wp-content\/uploads\/2019\/03\/clause-684509_1280.jpg 1280w\" sizes=\"auto, (max-width: 236px) 100vw, 236px\" \/><\/p>\n<p><em>\u00a0<\/em><em>Wi\u0119kszo\u015b\u0107 poszukuj\u0105cych, kt\u00f3rym nie uda\u0142o si\u0119 znale\u017a\u0107 wymarzonej pracy, ponios\u0142a kl\u0119sk\u0119, nie dlatego, \u017ce za ma\u0142o wiedzieli o rynku pracy, ale dlatego, \u017ce za ma\u0142o wiedzieli o sobie. <\/em><\/p>\n<p style=\"text-align: right;\">Richard N. Bolles<\/p>\n<p style=\"text-align: center;\"><strong>Podstawy prawne dotycz\u0105ce realizacji doradztwa zawodowego w szkole: <\/strong><\/p>\n<ul>\n<li>Ustawa z dnia 14 grudnia 2016 r. Prawo o\u015bwiatowe, poz. 59<\/li>\n<li>Rozporz\u0105dzenie MEN z dnia 28 marca 2017r. w sprawie ramowych plan\u00f3w nauczania.<\/li>\n<li>Rozporz\u0105dzenie MEN z 1 sierpnia 2017r. w sprawie szczeg\u00f3\u0142owych kwalifikacji wymaganych od nauczycieli.<\/li>\n<li>Rozporz\u0105dzenie MEN z 16 sierpnia 2018 r. w sprawie doradztwa zawodowego.<\/li>\n<li>Rozporz\u0105dzenie MEN z 9 sierpnia 2017 r. w sprawie pomocy psychologiczno-pedagogicznej w publicznych przedszkolach, szko\u0142ach podstawowych i ponadpodstawowych oraz plac\u00f3wkach.<\/li>\n<li>Rozporz\u0105dzenie w sprawie doradztwa zawodowego z 12 lutego 2019 r.<\/li>\n<\/ul>\n<p>&nbsp;<\/p>\n<p>&nbsp;<\/p>\n","protected":false},"excerpt":{"rendered":"<p>\u00a0Wi\u0119kszo\u015b\u0107 poszukuj\u0105cych, kt\u00f3rym nie uda\u0142o si\u0119 znale\u017a\u0107 wymarzonej pracy, ponios\u0142a kl\u0119sk\u0119, nie dlatego, \u017ce za ma\u0142o wiedzieli o rynku pracy, [&hellip;]<\/p>\n","protected":false},"author":1,"featured_media":0,"parent":0,"menu_order":0,"comment_status":"closed","ping_status":"closed","template":"","meta":{"footnotes":""},"class_list":["post-280","page","type-page","status-publish","hentry","has_thumb"],"aioseo_notices":[],"_links":{"self":[{"href":"https:\/\/sp6kwidzyn.pl\/index.php?rest_route=\/wp\/v2\/pages\/280","targetHints":{"allow":["GET"]}}],"collection":[{"href":"https:\/\/sp6kwidzyn.pl\/index.php?rest_route=\/wp\/v2\/pages"}],"about":[{"href":"https:\/\/sp6kwidzyn.pl\/index.php?rest_route=\/wp\/v2\/types\/page"}],"author":[{"embeddable":true,"href":"https:\/\/sp6kwidzyn.pl\/index.php?rest_route=\/wp\/v2\/users\/1"}],"replies":[{"embeddable":true,"href":"https:\/\/sp6kwidzyn.pl\/index.php?rest_route=%2Fwp%2Fv2%2Fcomments&post=280"}],"version-history":[{"count":0,"href":"https:\/\/sp6kwidzyn.pl\/index.php?rest_route=\/wp\/v2\/pages\/280\/revisions"}],"wp:attachment":[{"href":"https:\/\/sp6kwidzyn.pl\/index.php?rest_route=%2Fwp%2Fv2%2Fmedia&parent=280"}],"curies":[{"name":"wp","href":"https:\/\/api.w.org\/{rel}","templated":true}]}}

<p style="text-align: left;"><img loading="lazy" decoding="async" class="wp-image-282 aligncenter" src="https://sp6kwidzyn.pl/wp-content/uploads/2019/03/clause-684509_1280-300x300.jpg" alt="" width="236" height="236" srcset="https://sp6kwidzyn.pl/wp-content/uploads/2019/03/clause-684509_1280-300x300.jpg 300w, https://sp6kwidzyn.pl/wp-content/uploads/2019/03/clause-684509_1280-150x150.jpg 150w, https://sp6kwidzyn.pl/wp-content/uploads/2019/03/clause-684509_1280-768x768.jpg 768w, https://sp6kwidzyn.pl/wp-content/uploads/2019/03/clause-684509_1280-1024x1024.jpg 1024w, https://sp6kwidzyn.pl/wp-content/uploads/2019/03/clause-684509_1280.jpg 1280w" sizes="auto, (max-width: 236px) 100vw, 236px" /></p>
<p><em> </em><em>Większość poszukujących, którym nie udało się znaleźć wymarzonej pracy, poniosła klęskę, nie dlatego, że za mało wiedzieli o rynku pracy, ale dlatego, że za mało wiedzieli o sobie. </em></p>
<p style="text-align: right;">Richard N. Bolles</p>
<p style="text-align: center;"><strong>Podstawy prawne dotyczące realizacji doradztwa zawodowego w szkole: </strong></p>
<ul>
<li>Ustawa z dnia 14 grudnia 2016 r. Prawo oświatowe, poz. 59</li>
<li>Rozporządzenie MEN z dnia 28 marca 2017r. w sprawie ramowych planów nauczania.</li>
<li>Rozporządzenie MEN z 1 sierpnia 2017r. w sprawie szczegółowych kwalifikacji wymaganych od nauczycieli.</li>
<li>Rozporządzenie MEN z 16 sierpnia 2018 r. w sprawie doradztwa zawodowego.</li>
<li>Rozporządzenie MEN z 9 sierpnia 2017 r. w sprawie pomocy psychologiczno-pedagogicznej w publicznych przedszkolach, szkołach podstawowych i ponadpodstawowych oraz placówkach.</li>
<li>Rozporządzenie w sprawie doradztwa zawodowego z 12 lutego 2019 r.</li>
</ul>
<p>&nbsp;</p>
<p>&nbsp;</p>

<p> Większość poszukujących, którym nie udało się znaleźć wymarzonej pracy, poniosła klęskę, nie dlatego, że za mało wiedzieli o rynku pracy, [&hellip;]</p>
