{"id":1447,"date":"2019-05-30T13:09:14","date_gmt":"2019-05-30T11:09:14","guid":{"rendered":"http:\/\/sp6kwidzyn.pl\/?page_id=1447"},"modified":"2019-05-30T13:09:14","modified_gmt":"2019-05-30T11:09:14","slug":"zasady-wspolpracy-z-policja","status":"publish","type":"page","link":"https:\/\/sp6kwidzyn.pl\/?page_id=1447","title":{"rendered":"Zasady wsp\u00f3\u0142pracy z policj\u0105."},"content":{"rendered":"<ol>\n<li>Policja jest instytucj\u0105 wspieraj\u0105c\u0105 dzia\u0142ania szko\u0142y w zakresie profilaktyki, pomocy dora\u017anej oraz w sytuacjach wymagaj\u0105cych nag\u0142ych interwencji.<\/li>\n<li>Pomoc kierowana jest do uczni\u00f3w, rodzic\u00f3w, nauczycieli oraz innych pracownik\u00f3w szko\u0142y.<\/li>\n<\/ol>\n<p><strong>Wsp\u00f3\u0142praca w zakresie pracy profilaktyczno \u2013 wychowawczej<\/strong><\/p>\n<ol>\n<li>Szko\u0142a i policja utrzymuj\u0105 sta\u0142\u0105 wsp\u00f3\u0142prac\u0119 w zakresie profilaktyki zagro\u017ce\u0144;<\/li>\n<li>Koordynatorami wsp\u00f3\u0142pracy s\u0105 wychowawcy, pedagog, dyrektor szko\u0142y oraz specjalista ds. nieletnich i patologii w\u0142a\u015bciwej jednostki policji;<\/li>\n<li>Do wsp\u00f3\u0142pracy ze szko\u0142\u0105 zobowi\u0105zani s\u0105 r\u00f3wnie\u017c policjanci posterunku, w rejonie kt\u00f3rego znajduje si\u0119 szko\u0142a;<\/li>\n<li>W celu ustalenia zakresu dzia\u0142a\u0144 profilaktycznych, na terenie szko\u0142y jednorazowo w ci\u0105gu roku szkolnego, przeprowadzana jest diagnoza potrzeb \u015brodowiska szkolnego;<\/li>\n<li>Na podstawie diagnozy \u015brodowiska szkolnego oraz diagnozy \u015brodowiska lokalnego przeprowadzanej przez policj\u0119, ustala si\u0119 zakres dzia\u0142a\u0144 profilaktycznych;<\/li>\n<li>Dzia\u0142ania profilaktyczne obejmuj\u0105:<\/li>\n<\/ol>\n<ul>\n<li>spotkania wychowawc\u00f3w, nauczycieli, dyrektora szko\u0142y i rodzic\u00f3w z zaproszonymi specjalistami ds. nieletnich i patologii, podejmuj\u0105ce tematyk\u0119 zagro\u017ce\u0144 przest\u0119pczo\u015bci\u0105, demoralizacj\u0105 dzieci i m\u0142odzie\u017cy oraz uzale\u017cnieniami;<\/li>\n<li>spotkania tematyczne uczni\u00f3w z udzia\u0142em policjant\u00f3w m.in. na temat odpowiedzialno\u015bci nieletnich za pope\u0142niane czyny karalne, prawnych aspekt\u00f3w narkomanii, wychowania w trze\u017awo\u015bci, unikania zagro\u017ce\u0144 czy zachowa\u0144 ryzykownych itp.<\/li>\n<li>wsp\u00f3lny \u2013 szko\u0142y i policji- udzia\u0142 w lokalnych programach profilaktycznych zwi\u0105zanych z zapewnieniem bezpie-cze\u0144stwa uczniom oraz zapobieganiem demoralizacji i przest\u0119pczo\u015bci nieletnich;<\/li>\n<\/ul>\n<p><strong>Wsp\u00f3\u0142praca w zakresie pomocy dora\u017anej<\/strong><\/p>\n<ol>\n<li>Pomoc dora\u017ana udzielana szkole ze strony policji, opiera si\u0119 na wymianie informacji o zagro\u017ceniach i zdarzeniach zagra\u017caj\u0105cych \u017cyciu i zdrowiu uczni\u00f3w wyst\u0119puj\u0105cych na terenie szko\u0142y;<\/li>\n<li>Wychowawca, nauczyciel czy inny pracownik szko\u0142y, kt\u00f3ry stwierdzi istnienie okoliczno\u015bci \u015bwiadcz\u0105cych o demoralizacji nieletniego, w szczeg\u00f3lno\u015bci naruszanie zasad wsp\u00f3\u0142\u017cycia spo\u0142ecznego, pope\u0142nienie czynu zabronionego, systematyczne uchylanie si\u0119 od obowi\u0105zku szkolnego, u\u017cywanie alkoholu lub innych \u015brodk\u00f3w w celu wprowadzenia si\u0119 w stan odurzenia, uprawianie nierz\u0105du, w\u0142\u00f3cz\u0119gostwo, udzia\u0142 w grupach przest\u0119pczych, ma obowi\u0105zek odpowiedniego przeciwdzia\u0142ania temu, a przede wszystkim zawiadomienia o tym dyrektora szko\u0142y a nast\u0119pnie rodzic\u00f3w lub opiekun\u00f3w nieletniego;<\/li>\n<li>Szko\u0142a w powy\u017cszych sytuacjach, podejmuje wobec ucznia \u015brodki zaradcze (powiadomienie rodzic\u00f3w, ostrze\u017cenia ucznia, skierowanie do specjalist\u00f3w itp.);<\/li>\n<li>Gdy wyczerpane zostan\u0105 \u015brodki mo\u017cliwe do wykorzystania przez szko\u0142\u0119 w okre\u015blonej sytuacji, dyrektor szko\u0142y powiadamia policj\u0119;<\/li>\n<li>Wszystkich nauczycieli i pracownik\u00f3w szko\u0142y obowi\u0105zuj\u0105 \u201eProcedury post\u0119powania nauczycieli i metody wsp\u00f3\u0142-pracy szk\u00f3\u0142 z policj\u0105 w sytuacjach zagro\u017cenia dzieci i m\u0142odzie\u017cy przest\u0119pczo\u015bci\u0105 i demoralizacj\u0105\u201d, kt\u00f3re stosuje si\u0119:<\/li>\n<\/ol>\n<ul>\n<li>w przypadku uzyskania informacji, \u017ce ucze\u0144, kt\u00f3ry nie uko\u0144czy\u0142 18 lat, u\u017cywa alkoholu lub innych \u015brodk\u00f3w w celu wprowadzania si\u0119 w stan odurzenia, uprawia nierz\u0105d, b\u0105d\u017a przejawia inne zachowania \u015bwiadcz\u0105ce o demoralizacji,<\/li>\n<li>w przypadku, gdy nauczyciel podejrzewa, \u017ce na terenie szko\u0142y znajduje si\u0119 ucze\u0144 b\u0119d\u0105cy pod wp\u0142ywem alkoholu lub narkotyk\u00f3w,<\/li>\n<li>w przypadku, gdy nauczyciel znajduje na terenie szko\u0142y substancje przypominaj\u0105c\u0105 wygl\u0105dem narkotyk;<\/li>\n<li>w przypadku, gdy nauczyciel podejrzewa, \u017ce ucze\u0144 posiada przy sobie substancje przypominaj\u0105ce narkotyk;<\/li>\n<\/ul>\n<ol start=\"6\">\n<li>Po przekazaniu sprawy policji, dalszy tok post\u0119powania le\u017cy w kompetencji tej instytucji.<\/li>\n<\/ol>\n<p><strong>Wsp\u00f3\u0142praca w sytuacjach wymagaj\u0105cych nag\u0142ych interwencji<\/strong><\/p>\n<ol>\n<li>Sytuacje wymagaj\u0105ce nag\u0142ej interwencji wyst\u0119puj\u0105 zawsze, gdy dochodzi do pope\u0142nienia czynu karalnego przez ucznia, kt\u00f3ry nie uko\u0144czy\u0142 17 lat, lub w przypadku, gdy kt\u00f3ry\u015b z uczni\u00f3w sta\u0142 si\u0119 ofiar\u0105 czynu karalnego.<\/li>\n<li>Dyrektor szko\u0142y lub pedagog szkolny w takich sytuacjach, wzywa do szko\u0142y policj\u0119, przekazuj\u0105c informacj\u0119 o zdarzeniu.<\/li>\n<li>W przypadku, gdy ucze\u0144 jest sprawc\u0105 czynu karalnego, nauczycieli i innych pracownik\u00f3w szko\u0142y obowi\u0105zuj\u0105 nast\u0119puj\u0105ce etapy post\u0119powania:<\/li>\n<\/ol>\n<ul>\n<li>niezw\u0142oczne powiadomienie dyrektora szko\u0142y,<\/li>\n<li>ustalenie okoliczno\u015bci czynu i ewentualnych \u015bwiadk\u00f3w zdarzenia,<\/li>\n<li>przekazanie sprawcy (o ile jest znany i przebywa na terenie szko\u0142y) dyrektorowi szko\u0142y szkolnemu pod opiek\u0119,<\/li>\n<li>powiadomienie rodzic\u00f3w ucznia \u2013 sprawcy,<\/li>\n<li>niezw\u0142oczne powiadomienie policji w przypadku, gdy sprawa jest powa\u017cna (rozb\u00f3j, uszkodzenie cia\u0142a itp.), lub sprawca nie jest uczniem szko\u0142y a jego to\u017csamo\u015b\u0107 nie jest nikomu znana,<\/li>\n<li>zabezpieczenie ewentualnych dowod\u00f3w przest\u0119pstwa, lub przedmiot\u00f3w pochodz\u0105cych z przest\u0119pstwa i przekazanie ich policji.<\/li>\n<\/ul>\n<ol start=\"4\">\n<li>W przypadku, gdy ucze\u0144 sta\u0142 si\u0119 ofiar\u0105 czynu karalnego, nauczycieli obowi\u0105zuj\u0105 nast\u0119puj\u0105ce etapy post\u0119powania:<\/li>\n<\/ol>\n<ul>\n<li>udzielenie pierwszej pomocy (przedmedycznej), b\u0105d\u017a zapewnienie jej udzielenia poprzez wezwanie lekarza w przypadku, gdy ofiara dozna\u0142a obra\u017ce\u0144,<\/li>\n<li>niezw\u0142oczne powiadomienie dyrektora szko\u0142y,<\/li>\n<li>powiadomienie rodzic\u00f3w ucznia,<\/li>\n<li>niezw\u0142oczne wezwanie policji w przypadku, kiedy istnieje konieczno\u015b\u0107 profesjonalnego zabezpieczenia \u015blad\u00f3w przest\u0119pstwa, ustalenia okoliczno\u015bci i ewentualnych \u015bwiadk\u00f3w zdarzenia.<\/li>\n<\/ul>\n<ol start=\"5\">\n<li>W przypadku znalezienia na terenie szko\u0142y broni, materia\u0142\u00f3w wybuchowych, innych niebezpiecznych substancji lub przedmiot\u00f3w, nale\u017cy:<\/li>\n<\/ol>\n<ul>\n<li>zapewni\u0107 bezpiecze\u0144stwo przebywaj\u0105cym na terenie szko\u0142y osobom,<\/li>\n<li>uniemo\u017cliwi\u0107 dost\u0119p os\u00f3b postronnych do tych przedmiot\u00f3w<\/li>\n<li>wezwa\u0107 policj\u0119.<\/li>\n<\/ul>\n<ol start=\"6\">\n<li>Ka\u017cda dotycz\u0105ca uczni\u00f3w wizyta policjanta w szkole, powinna by\u0107 wcze\u015bniej zasygnalizowana dyrektorowi lub uzgodniona z innym pracownikiem szko\u0142y.<\/li>\n<\/ol>\n","protected":false},"excerpt":{"rendered":"<p>Policja jest instytucj\u0105 wspieraj\u0105c\u0105 dzia\u0142ania szko\u0142y w zakresie profilaktyki, pomocy dora\u017anej oraz w sytuacjach wymagaj\u0105cych nag\u0142ych interwencji. Pomoc kierowana jest [&hellip;]<\/p>\n","protected":false},"author":1,"featured_media":0,"parent":0,"menu_order":0,"comment_status":"closed","ping_status":"closed","template":"","meta":{"footnotes":""},"class_list":["post-1447","page","type-page","status-publish","hentry","has_no_thumb"],"aioseo_notices":[],"_links":{"self":[{"href":"https:\/\/sp6kwidzyn.pl\/index.php?rest_route=\/wp\/v2\/pages\/1447","targetHints":{"allow":["GET"]}}],"collection":[{"href":"https:\/\/sp6kwidzyn.pl\/index.php?rest_route=\/wp\/v2\/pages"}],"about":[{"href":"https:\/\/sp6kwidzyn.pl\/index.php?rest_route=\/wp\/v2\/types\/page"}],"author":[{"embeddable":true,"href":"https:\/\/sp6kwidzyn.pl\/index.php?rest_route=\/wp\/v2\/users\/1"}],"replies":[{"embeddable":true,"href":"https:\/\/sp6kwidzyn.pl\/index.php?rest_route=%2Fwp%2Fv2%2Fcomments&post=1447"}],"version-history":[{"count":0,"href":"https:\/\/sp6kwidzyn.pl\/index.php?rest_route=\/wp\/v2\/pages\/1447\/revisions"}],"wp:attachment":[{"href":"https:\/\/sp6kwidzyn.pl\/index.php?rest_route=%2Fwp%2Fv2%2Fmedia&parent=1447"}],"curies":[{"name":"wp","href":"https:\/\/api.w.org\/{rel}","templated":true}]}}