{"id":1441,"date":"2019-05-30T13:06:35","date_gmt":"2019-05-30T11:06:35","guid":{"rendered":"http:\/\/sp6kwidzyn.pl\/?page_id=1441"},"modified":"2019-05-30T13:06:35","modified_gmt":"2019-05-30T11:06:35","slug":"przyprowadzania-i-odbierania-dzieci-ze-swietlicy-szkolnej-przez-rodzicow","status":"publish","type":"page","link":"https:\/\/sp6kwidzyn.pl\/?page_id=1441","title":{"rendered":"Przyprowadzania i odbierania dzieci ze \u015bwietlicy szkolnej przez rodzic\u00f3w."},"content":{"rendered":"<ol>\n<li>Dzieci zapisane do \u015bwietlicy szkolnej doprowadzane s\u0105 i odbierane osobi\u015bcie przez rodzic\u00f3w\/opiekun\u00f3w z sali \u015bwietlicowej.<\/li>\n<li>Rodzice ponosz\u0105 odpowiedzialno\u015b\u0107 za dziecko, kt\u00f3re zosta\u0142o przyprowadzone do szko\u0142y a nie zg\u0142osi\u0142o si\u0119 do \u015bwietlicy.<\/li>\n<li>Rodzice zobowi\u0105zani s\u0105 przestrzega\u0107 wcze\u015bniej zadeklarowanych godzin pobytu dzieci w \u015bwietlicy.<\/li>\n<li>Uczniowie odbierani s\u0105 ze \u015bwietlicy przez rodzic\u00f3w\/opiekun\u00f3w lub osoby przez nich upowa\u017cnione na pi\u015bmie. Osoba odbieraj\u0105ca ucznia jest zobowi\u0105zana do zg\u0142oszenia odbioru dziecka wychowawcy \u015bwietlicy.<\/li>\n<li>Uczniowie odbierani s\u0105 ze \u015bwietlicy przez rodzic\u00f3w\/opiekun\u00f3w lub osoby przez nich upowa\u017cnione na pi\u015bmie. Osoba odbieraj\u0105ca ucznia jest zobowi\u0105zana do zg\u0142oszenia odbioru dziecka wychowawcy \u015bwietlicy.<\/li>\n<li>\u015awietlica wymaga pisemnych upowa\u017cnie\u0144 w przypadku:<\/li>\n<\/ol>\n<ul>\n<li>samodzielnego wyj\u015bcia dziecka do domu;<\/li>\n<li>odbierania dzieci przez inne osoby ni\u017c rodzic.<\/li>\n<\/ul>\n<ol start=\"7\">\n<li>Po zako\u0144czeniu zaj\u0119\u0107 \u015bwietlicowych rodzice ponosz\u0105 odpowiedzialno\u015b\u0107 za nieodebrane dziecko. W razie nieodebrania ucznia ze \u015bwietlicy w godzinach jej pracy oraz braku kontaktu z jego rodzicami\/prawnymi opiekunami dziecko mo\u017ce zosta\u0107 przekazane pod opiek\u0119 odpowiednim organom (policja).<\/li>\n<li>Rodzice dzieci odebranych ze \u015bwietlicy po godzinach zako\u0144czenia zaj\u0119\u0107 zobowi\u0105zani s\u0105 do napisania wyja\u015bnienia oraz wpisania si\u0119 do rejestru dzieci nieodebranych.<\/li>\n<\/ol>\n","protected":false},"excerpt":{"rendered":"<p>Dzieci zapisane do \u015bwietlicy szkolnej doprowadzane s\u0105 i odbierane osobi\u015bcie przez rodzic\u00f3w\/opiekun\u00f3w z sali \u015bwietlicowej. Rodzice ponosz\u0105 odpowiedzialno\u015b\u0107 za dziecko, [&hellip;]<\/p>\n","protected":false},"author":1,"featured_media":0,"parent":0,"menu_order":0,"comment_status":"closed","ping_status":"closed","template":"","meta":{"footnotes":""},"class_list":["post-1441","page","type-page","status-publish","hentry","has_no_thumb"],"aioseo_notices":[],"_links":{"self":[{"href":"https:\/\/sp6kwidzyn.pl\/index.php?rest_route=\/wp\/v2\/pages\/1441","targetHints":{"allow":["GET"]}}],"collection":[{"href":"https:\/\/sp6kwidzyn.pl\/index.php?rest_route=\/wp\/v2\/pages"}],"about":[{"href":"https:\/\/sp6kwidzyn.pl\/index.php?rest_route=\/wp\/v2\/types\/page"}],"author":[{"embeddable":true,"href":"https:\/\/sp6kwidzyn.pl\/index.php?rest_route=\/wp\/v2\/users\/1"}],"replies":[{"embeddable":true,"href":"https:\/\/sp6kwidzyn.pl\/index.php?rest_route=%2Fwp%2Fv2%2Fcomments&post=1441"}],"version-history":[{"count":0,"href":"https:\/\/sp6kwidzyn.pl\/index.php?rest_route=\/wp\/v2\/pages\/1441\/revisions"}],"wp:attachment":[{"href":"https:\/\/sp6kwidzyn.pl\/index.php?rest_route=%2Fwp%2Fv2%2Fmedia&parent=1441"}],"curies":[{"name":"wp","href":"https:\/\/api.w.org\/{rel}","templated":true}]}}

Przyprowadzania i odbierania dzieci ze świetlicy szkolnej przez rodziców.

<ol>
<li>Dzieci zapisane do świetlicy szkolnej doprowadzane są i odbierane osobiście przez rodziców/opiekunów z sali świetlicowej.</li>
<li>Rodzice ponoszą odpowiedzialność za dziecko, które zostało przyprowadzone do szkoły a nie zgłosiło się do świetlicy.</li>
<li>Rodzice zobowiązani są przestrzegać wcześniej zadeklarowanych godzin pobytu dzieci w świetlicy.</li>
<li>Uczniowie odbierani są ze świetlicy przez rodziców/opiekunów lub osoby przez nich upoważnione na piśmie. Osoba odbierająca ucznia jest zobowiązana do zgłoszenia odbioru dziecka wychowawcy świetlicy.</li>
<li>Uczniowie odbierani są ze świetlicy przez rodziców/opiekunów lub osoby przez nich upoważnione na piśmie. Osoba odbierająca ucznia jest zobowiązana do zgłoszenia odbioru dziecka wychowawcy świetlicy.</li>
<li>Świetlica wymaga pisemnych upoważnień w przypadku:</li>
</ol>
<ul>
<li>samodzielnego wyjścia dziecka do domu;</li>
<li>odbierania dzieci przez inne osoby niż rodzic.</li>
</ul>
<ol start="7">
<li>Po zakończeniu zajęć świetlicowych rodzice ponoszą odpowiedzialność za nieodebrane dziecko. W razie nieodebrania ucznia ze świetlicy w godzinach jej pracy oraz braku kontaktu z jego rodzicami/prawnymi opiekunami dziecko może zostać przekazane pod opiekę odpowiednim organom (policja).</li>
<li>Rodzice dzieci odebranych ze świetlicy po godzinach zakończenia zajęć zobowiązani są do napisania wyjaśnienia oraz wpisania się do rejestru dzieci nieodebranych.</li>
</ol>

<p>Dzieci zapisane do świetlicy szkolnej doprowadzane są i odbierane osobiście przez rodziców/opiekunów z sali świetlicowej. Rodzice ponoszą odpowiedzialność za dziecko, [&hellip;]</p>
