{"id":1421,"date":"2019-05-30T11:15:05","date_gmt":"2019-05-30T09:15:05","guid":{"rendered":"http:\/\/sp6kwidzyn.pl\/?page_id=1421"},"modified":"2019-05-30T11:15:05","modified_gmt":"2019-05-30T09:15:05","slug":"procedura-postepowania-w-przypadku-przedluzajacej-sie-nieobecnosci-na-zajeciach-lekcyjnych","status":"publish","type":"page","link":"https:\/\/sp6kwidzyn.pl\/?page_id=1421","title":{"rendered":"Procedura post\u0119powania w przypadku przed\u0142u\u017caj\u0105cej si\u0119 nieobecno\u015bci na zaj\u0119ciach lekcyjnych."},"content":{"rendered":"<p><u>Dzia\u0142ania wychowawcy:<\/u><\/p>\n<ol>\n<li>Rodzic ma obowi\u0105zek poinformowa\u0107 szko\u0142\u0119 o przyczynach nieobecno\u015bci dziecka.<\/li>\n<li>Je\u017celi przez dwa tygodnie nie ma informacji od rodzic\u00f3w o przyczynach nieobecno\u015bci dziecka wychowawca ma obowi\u0105zek rozpozna\u0107 przyczyn\u0119 nieobecno\u015bci ucznia w szkole, poprzez nawi\u0105zanie kontaktu z rodzicami, opiekunami prawnymi lub uczniem (telefon, wyj\u015bcie do domu, list polecony z podpisem dyrektora szko\u0142y).<\/li>\n<li>Je\u017celi nieobecno\u015b\u0107 przed\u0142u\u017ca si\u0119 wychowawca zg\u0142asza spraw\u0119 pedagogowi szkolnemu.<\/li>\n<\/ol>\n<p><u>Dzia\u0142ania pedagoga szkolnego:<\/u><\/p>\n<ol>\n<li>Pedagog przeprowadza rozmow\u0119 z rodzicami ucznia zobowi\u0105zuj\u0105c ich na pi\u015bmie do zapewnienia regularnego ucz\u0119szczania dziecka na zaj\u0119cia szkolne.<\/li>\n<li>Pedagog zobowi\u0105zuje ucznia do regularnego ucz\u0119szczania na zaj\u0119cia szkolne na pi\u015bmie.<\/li>\n<li>W przypadku niedotrzymania przez ucznia i rodzic\u00f3w pisemnego zobowi\u0105zania, pedagog wszczyna proces administracyjno- prawny (s\u0105d rodzinny i nieletnich, wydzia\u0142 edukacji-organ prowadz\u0105cy szko\u0142\u0119, mo\u017ce zawiadomi\u0107 dzielnicowego).<\/li>\n<\/ol>\n<p><strong>\u00a0<\/strong><\/p>\n","protected":false},"excerpt":{"rendered":"<p>Dzia\u0142ania wychowawcy: Rodzic ma obowi\u0105zek poinformowa\u0107 szko\u0142\u0119 o przyczynach nieobecno\u015bci dziecka. Je\u017celi przez dwa tygodnie nie ma informacji od rodzic\u00f3w [&hellip;]<\/p>\n","protected":false},"author":1,"featured_media":0,"parent":0,"menu_order":0,"comment_status":"closed","ping_status":"closed","template":"","meta":{"footnotes":""},"class_list":["post-1421","page","type-page","status-publish","hentry","has_no_thumb"],"aioseo_notices":[],"_links":{"self":[{"href":"https:\/\/sp6kwidzyn.pl\/index.php?rest_route=\/wp\/v2\/pages\/1421","targetHints":{"allow":["GET"]}}],"collection":[{"href":"https:\/\/sp6kwidzyn.pl\/index.php?rest_route=\/wp\/v2\/pages"}],"about":[{"href":"https:\/\/sp6kwidzyn.pl\/index.php?rest_route=\/wp\/v2\/types\/page"}],"author":[{"embeddable":true,"href":"https:\/\/sp6kwidzyn.pl\/index.php?rest_route=\/wp\/v2\/users\/1"}],"replies":[{"embeddable":true,"href":"https:\/\/sp6kwidzyn.pl\/index.php?rest_route=%2Fwp%2Fv2%2Fcomments&post=1421"}],"version-history":[{"count":0,"href":"https:\/\/sp6kwidzyn.pl\/index.php?rest_route=\/wp\/v2\/pages\/1421\/revisions"}],"wp:attachment":[{"href":"https:\/\/sp6kwidzyn.pl\/index.php?rest_route=%2Fwp%2Fv2%2Fmedia&parent=1421"}],"curies":[{"name":"wp","href":"https:\/\/api.w.org\/{rel}","templated":true}]}}

Procedura postępowania w przypadku przedłużającej się nieobecności na zajęciach lekcyjnych.

<p><u>Działania wychowawcy:</u></p>
<ol>
<li>Rodzic ma obowiązek poinformować szkołę o przyczynach nieobecności dziecka.</li>
<li>Jeżeli przez dwa tygodnie nie ma informacji od rodziców o przyczynach nieobecności dziecka wychowawca ma obowiązek rozpoznać przyczynę nieobecności ucznia w szkole, poprzez nawiązanie kontaktu z rodzicami, opiekunami prawnymi lub uczniem (telefon, wyjście do domu, list polecony z podpisem dyrektora szkoły).</li>
<li>Jeżeli nieobecność przedłuża się wychowawca zgłasza sprawę pedagogowi szkolnemu.</li>
</ol>
<p><u>Działania pedagoga szkolnego:</u></p>
<ol>
<li>Pedagog przeprowadza rozmowę z rodzicami ucznia zobowiązując ich na piśmie do zapewnienia regularnego uczęszczania dziecka na zajęcia szkolne.</li>
<li>Pedagog zobowiązuje ucznia do regularnego uczęszczania na zajęcia szkolne na piśmie.</li>
<li>W przypadku niedotrzymania przez ucznia i rodziców pisemnego zobowiązania, pedagog wszczyna proces administracyjno- prawny (sąd rodzinny i nieletnich, wydział edukacji-organ prowadzący szkołę, może zawiadomić dzielnicowego).</li>
</ol>
<p><strong> </strong></p>

<p>Działania wychowawcy: Rodzic ma obowiązek poinformować szkołę o przyczynach nieobecności dziecka. Jeżeli przez dwa tygodnie nie ma informacji od rodziców [&hellip;]</p>
