{"id":1362,"date":"2019-05-30T07:55:39","date_gmt":"2019-05-30T05:55:39","guid":{"rendered":"http:\/\/sp6kwidzyn.pl\/?page_id=1362"},"modified":"2019-05-30T07:55:39","modified_gmt":"2019-05-30T05:55:39","slug":"organizowanie-imprez-i-uroczystosci-szkolnych-apele-i-uroczystosci-szkolne","status":"publish","type":"page","link":"https:\/\/sp6kwidzyn.pl\/?page_id=1362","title":{"rendered":"Organizowanie imprez i uroczysto\u015bci szkolnych. Apele i uroczysto\u015bci szkolne."},"content":{"rendered":"<ol>\n<li>Szko\u0142a organizuje lub wsp\u00f3\u0142organizuje uroczysto\u015bci i imprezy (akademie, wyst\u0119py, apele, konkursy, zawody, turnieje, koncerty, bale, zabawy, dyskoteki itp.).<\/li>\n<li>Imprezy mog\u0105 mie\u0107 charakter dzia\u0142a\u0144 klasowych, mi\u0119dzyklasowych, \u015brodowiskowych, og\u00f3lnoszkolnych, mi\u0119dzyszkolnych, wojew\u00f3dzkich, og\u00f3lnopolskich i mi\u0119dzynarodowych.<\/li>\n<li>Organizacj\u0105 takiej imprezy zajmuje si\u0119 nauczyciel b\u0105d\u017a grupa nauczycieli. Akceptacji udziela dyrektor szko\u0142y.<\/li>\n<li>Zaplanowane imprezy i uroczysto\u015bci powinny by\u0107 umieszczone w kalendarzu szkolnym (plan pracy szko\u0142y), a konkursy powinny mie\u0107 sw\u00f3j regulamin.<\/li>\n<li>Szczeg\u00f3\u0142y dotycz\u0105ce przebiegu imprezy organizator musi uzgodni\u0107 z wicedyrektorem szko\u0142y przed podaniem ich do wiadomo\u015bci zainteresowanym, uwzgl\u0119dniaj\u0105c odpowiedni poziom przedsi\u0119wzi\u0119cia.<\/li>\n<li>Nauczyciel odpowiedzialny za dan\u0105 imprez\u0119 przygotowuje wz\u00f3r zaprosze\u0144 oraz scenariusz przedsi\u0119wzi\u0119cia (w zasobach szkolnych dost\u0119pny jest wzorcowy schemat scenariusza uroczysto\u015bci), w kt\u00f3rym uwzgl\u0119dnia:<\/li>\n<\/ol>\n<ul>\n<li>cz\u0119\u015b\u0107 oficjaln\u0105 i artystyczn\u0105,<\/li>\n<li>opraw\u0119 muzyczn\u0105,<\/li>\n<li>opraw\u0119 plastyczn\u0105 (np.: scenografia, organizacja sceny, rekwizyty),<\/li>\n<li>wykorzystanie TIK (np.: prezentacja multimedialna),<\/li>\n<li>szczeg\u00f3\u0142y techniczno-organizacyjne (np.: nag\u0142o\u015bnienie, sprz\u0119t audiowizualny, organizacja widowni),<\/li>\n<li>wykaz nauczycieli odpowiedzialnych za wsp\u00f3\u0142organizacj\u0119 z przydzielonymi zadaniami,<\/li>\n<li>list\u0119 wyst\u0119puj\u0105cych uczni\u00f3w.<\/li>\n<\/ul>\n<ol start=\"7\">\n<li>Organizator informuje nauczycieli wspomagaj\u0105cych o zakresie ich zada\u0144. Muzykowi, plastykowi i informatykowi nale\u017cy przedstawi\u0107 zarys scenariusza co najmniej na miesi\u0105c przed imprez\u0105.<\/li>\n<li>Nale\u017cy wyznaczy\u0107 r\u00f3wnie\u017c osoby odpowiedzialne za medialn\u0105 archiwizacj\u0119 wydarzenia (fotografowanie i filmowanie).<\/li>\n<li>Nauczyciel opracowuje i udost\u0119pnia harmonogram pr\u00f3b. Na jedn\u0105 z nich zaprasza wicedyrektora.<\/li>\n<li>Przy wyborze prowadz\u0105cych i aktor\u00f3w nale\u017cy wzi\u0105\u0107 pod uwag\u0119 predyspozycje osobowo\u015bciowe i aktorskie ucznia. Podczas pr\u00f3b trzeba zadba\u0107 o spos\u00f3b prezentacji roli przez uczni\u00f3w (dykcja, akcent, intonacja, interpretacja tekstu, prezencja, ruch sceniczny itp.).<\/li>\n<li>Na tydzie\u0144 przed uroczysto\u015bci\u0105 trzeba przes\u0142a\u0107 drog\u0105 elektroniczn\u0105 dopracowany scenariusz wicedyrektorowi oraz dyrektorowi szko\u0142y. Ponadto powiadomi\u0107 (osobi\u015bcie i mailowo) kierownika administracji o terminie imprezy i zapotrzebowaniu technicznym.<\/li>\n<li>Kilka dni przed uroczysto\u015bci\u0105 przygotowane zaproszenia nale\u017cy wr\u0119czy\u0107 go\u015bciom.<\/li>\n<li>Wychowawca informuje klas\u0119 o uroczysto\u015bci i obowi\u0105zkowym tego dnia stroju galowym (bia\u0142a bluzka\/koszula, krawat, mundurek).<\/li>\n<li>W dniu imprezy g\u0142\u00f3wny organizator koordynuje i nadzoruje przebieg uroczysto\u015bci. Wsp\u00f3\u0142organizatorzy odpowiadaj\u0105 za przydzielone im zadania.<\/li>\n<li>Podczas imprezy wychowawca klasy, b\u0105d\u017a nauczyciel sprawuj\u0105cy opiek\u0119 nad uczniami usadawia ich w wyznaczonym miejscu. Sam siada obok klasy i czynnie nadzoruje jej zachowanie, dbaj\u0105c o bezpiecze\u0144stwo wszystkich uczestnik\u00f3w.<\/li>\n<li>Organizator przed uroczysto\u015bci\u0105 umieszcza na stronie internetowej szko\u0142y kr\u00f3tk\u0105 informacj\u0119 zapowiadaj\u0105c\u0105 wydarzenie.<\/li>\n<li>Organizator najp\u00f3\u017aniej 7 dni po uroczysto\u015bci powinien przygotowa\u0107 kr\u00f3tk\u0105 relacj\u0119 z wydarzenia (mo\u017cna do\u0142\u0105czy\u0107 zdj\u0119cia, film) i umie\u015bci\u0107 j\u0105 na stronie internetowej szko\u0142y.<\/li>\n<\/ol>\n<p><u>Apele i uroczysto\u015bci szkolne. <\/u><\/p>\n<p>Przed ka\u017cdym apelem b\u0105d\u017a uroczysto\u015bci\u0105 szkoln\u0105 wszyscy uczniowie spotykaj\u0105 si\u0119 z nauczycielem, z kt\u00f3rym maj\u0105 zaj\u0119cia w salach lekcyjnych. W trakcie spotkania nauczyciel ma obowi\u0105zek: sprawdzi\u0107 obecno\u015b\u0107 uczni\u00f3w w klasie, przypomnie\u0107 o obowi\u0105zku kulturalnego zachowania si\u0119 w trakcie uroczysto\u015bci szkolnej.<\/p>\n<p>Po spotkaniu w klasie nauczyciel odprowadza uczni\u00f3w na miejsce uroczysto\u015bci, gdzie uczniowie wraz z nauczycielem zajmuj\u0105 wyznaczone dla nich miejsce. Po zako\u0144czeniu uroczysto\u015bci uczniowie wraz z nauczycielami opuszczaj\u0105 miejsce zorganizowanej uroczysto\u015bci, wed\u0142ug kolejno\u015bci zgodnej z planem rozmieszczenia uczni\u00f3w i udaj\u0105 si\u0119 do swoich klas.<\/p>\n","protected":false},"excerpt":{"rendered":"<p>Szko\u0142a organizuje lub wsp\u00f3\u0142organizuje uroczysto\u015bci i imprezy (akademie, wyst\u0119py, apele, konkursy, zawody, turnieje, koncerty, bale, zabawy, dyskoteki itp.). Imprezy mog\u0105 [&hellip;]<\/p>\n","protected":false},"author":1,"featured_media":0,"parent":0,"menu_order":0,"comment_status":"closed","ping_status":"closed","template":"","meta":{"footnotes":""},"class_list":["post-1362","page","type-page","status-publish","hentry","has_no_thumb"],"aioseo_notices":[],"_links":{"self":[{"href":"https:\/\/sp6kwidzyn.pl\/index.php?rest_route=\/wp\/v2\/pages\/1362","targetHints":{"allow":["GET"]}}],"collection":[{"href":"https:\/\/sp6kwidzyn.pl\/index.php?rest_route=\/wp\/v2\/pages"}],"about":[{"href":"https:\/\/sp6kwidzyn.pl\/index.php?rest_route=\/wp\/v2\/types\/page"}],"author":[{"embeddable":true,"href":"https:\/\/sp6kwidzyn.pl\/index.php?rest_route=\/wp\/v2\/users\/1"}],"replies":[{"embeddable":true,"href":"https:\/\/sp6kwidzyn.pl\/index.php?rest_route=%2Fwp%2Fv2%2Fcomments&post=1362"}],"version-history":[{"count":0,"href":"https:\/\/sp6kwidzyn.pl\/index.php?rest_route=\/wp\/v2\/pages\/1362\/revisions"}],"wp:attachment":[{"href":"https:\/\/sp6kwidzyn.pl\/index.php?rest_route=%2Fwp%2Fv2%2Fmedia&parent=1362"}],"curies":[{"name":"wp","href":"https:\/\/api.w.org\/{rel}","templated":true}]}}