{"id":1342,"date":"2019-05-29T23:50:52","date_gmt":"2019-05-29T21:50:52","guid":{"rendered":"http:\/\/sp6kwidzyn.pl\/?page_id=1342"},"modified":"2019-05-29T23:50:52","modified_gmt":"2019-05-29T21:50:52","slug":"regulamin-sali-gimnastycznej","status":"publish","type":"page","link":"https:\/\/sp6kwidzyn.pl\/?page_id=1342","title":{"rendered":"REGULAMIN SALI GIMNASTYCZNEJ"},"content":{"rendered":"<ol>\n<li>Sala gimnastyczna jest miejscem przeznaczonym do prowadzenia zaj\u0119\u0107 wychowania fizycznego, zaj\u0119\u0107 szkolnego ko\u0142a sportowego, rozgrywek sportowych i innych zaj\u0119\u0107 sportowych.<\/li>\n<li>Na sali gimnastycznej mog\u0105 odbywa\u0107 si\u0119 imprezy okoliczno\u015bciowe.<\/li>\n<li>Wszystkie zaj\u0119cia na sali odbywaj\u0105 si\u0119 w spos\u00f3b zorganizowany i s\u0105 zaplanowane w szkolnym rozk\u0142adzie zaj\u0119\u0107.<\/li>\n<li>Przebywanie na sali i korzystanie z urz\u0105dze\u0144 sportowych dozwolone jest tylko w obecno\u015bci i za zgod\u0105 nauczyciela prowadz\u0105cego zaj\u0119cia.<\/li>\n<\/ol>\n<p>5.Za bezpiecze\u0144stwo \u0107wicz\u0105cych podczas zaj\u0119\u0107 odpowiada prowadz\u0105cy zaj\u0119cia.<\/p>\n<ol start=\"6\">\n<li>Wszystkich \u0107wicz\u0105cych obowi\u0105zuje odpowiedni do \u0107wicze\u0144 ubi\u00f3r sportowy \u2013 bia\u0142a koszulka, ciemne spodenki, bia\u0142e skarpetki (podkolan\u00f3wki), obuwie sportowe na nie\u015blizgaj\u0105cej si\u0119 czystej podeszwie. Sznurowad\u0142a powinny by\u0107 starannie zawi\u0105zane. Na zaj\u0119ciach specjalistycznych &#8211; str\u00f3j okre\u015blony przez nauczyciela.<\/li>\n<li>Zabrania si\u0119 wchodzenia na sal\u0119 w czasie przerw oraz poza obowi\u0105zuj\u0105cymi zaj\u0119ciami wychowania fizycznego.<\/li>\n<li>W czasie zaj\u0119\u0107 uczniowie zobowi\u0105zani s\u0105 do stosowania si\u0119 do polece\u0144 nauczyciela oraz przestrzegania niniejszego regulaminu.<\/li>\n<li>\u0106wicz\u0105cy przebieraj\u0105 si\u0119 w szatni, pozostawiaj\u0105c obuwie i ubranie w nale\u017cytym porz\u0105dku. W trakcie trwania zaj\u0119\u0107 szatnia pozostaje zamkni\u0119ta, a osoby, kt\u00f3re nie uczestnicz\u0105 w \u0107wiczeniach nie mog\u0105 w niej przebywa\u0107.<\/li>\n<li>Dyrekcja szko\u0142y oraz nauczyciele wychowania fizycznego nie ponosz\u0105 odpowiedzialno\u015bci za rzeczy warto\u015bciowe pozostawione w szatni (pieni\u0105dze, bi\u017cuteri\u0119, telefony kom\u00f3rkowe, itp.).<\/li>\n<li>Przed przyst\u0105pieniem do \u0107wicze\u0144 nale\u017cy zdj\u0105\u0107 okulary, kolczyki, \u0142a\u0144cuszki, pier\u015bcionki, zegarki i inne ozdoby zawieszone na szyi i przegubach d\u0142oni. D\u0142ugie w\u0142osy powinny by\u0107 zwi\u0105zane.<\/li>\n<li>Uczniowie nie mog\u0105 opuszcza\u0107 sali bez wiedzy nauczyciela.<\/li>\n<li>O ka\u017cdym wypadku, kontuzji, skaleczeniu czy nag\u0142ym pogorszeniu si\u0119 samopoczucia nale\u017cy natychmiast powiadomi\u0107 nauczyciela prowadz\u0105cego zaj\u0119cia.<\/li>\n<li>Sprz\u0119t do \u0107wicze\u0144 nale\u017cy rozstawia\u0107 tylko w obecno\u015bci nauczyciela.<\/li>\n<li>Wszelkie zauwa\u017cone usterki i uszkodzenia nale\u017cy niezw\u0142ocznie zg\u0142asza\u0107 prowadz\u0105cemu zaj\u0119cia.<\/li>\n<li>Wszystkie urz\u0105dzenia sali oraz sprz\u0119t do \u0107wicze\u0144 mog\u0105 by\u0107 wykorzystywane tylko zgodnie z ich przeznaczeniem.<\/li>\n<li>Za szkody materialne wyrz\u0105dzone na sali gimnastycznej przez ucznia odpowiedzialno\u015b\u0107 finansow\u0105 ponosz\u0105 jego rodzice\/opiekunowie prawni.<\/li>\n<li>Za stan pomieszcze\u0144 w budynku sali gimnastycznej, sprz\u0119tu gimnastycznego i urz\u0105dze\u0144 znajduj\u0105cych si\u0119 na sali gimnastycznej s\u0105 odpowiedzialne osoby korzystaj\u0105ce w danym czasie.<\/li>\n<li>Zabrania si\u0119 wnoszenia na teren obiektu niebezpiecznych przedmiot\u00f3w, opakowa\u0144 szklanych, jedzenia i picia.<\/li>\n<li>W przypadku zaplanowania na sali gimnastycznej uroczysto\u015bci szkolnej, zabawy, dyskoteki, organizatorzy b\u0105d\u017a opiekunowie klas bior\u0105cych udzia\u0142 w niej zobowi\u0105zani s\u0105 do wyniesienia z sali wszystkich ruchomych sprz\u0119t\u00f3w sportowych (kozio\u0142, skrzynia, materace, itp.).<\/li>\n<li>Przyrz\u0105dy gimnastyczne i inny sprz\u0119t pomocniczy nale\u017cy zostawia\u0107 po zako\u0144czonych zaj\u0119ciach w wyznaczonych miejscach.<\/li>\n<li>Stowarzyszenia i organizacje pozaszkolne mog\u0105 korzysta\u0107 z sali gimnastycznej po uprzednim zawarciu pisemnej umowy z Dyrekcj\u0105 szko\u0142y.<\/li>\n<li>W przypadku naruszenia lub lekcewa\u017cenia regulaminu ucze\u0144 mo\u017ce by\u0107 ukarani zgodnie ze Statutem Szko\u0142y.<\/li>\n<\/ol>\n<p><strong><u>\u00a0<\/u><\/strong><\/p>\n<p><u>Korzystanie z szatni sportowej<\/u><\/p>\n<ol>\n<li>Szatnia jest miejscem wyznaczonym do zmiany ubioru i obuwia na str\u00f3j sportowy w godzinach zaj\u0119\u0107 lekcyjnych zgodnie z planem.<\/li>\n<li>Zasady korzystania z szatni:<\/li>\n<li>Nauczyciel prowadz\u0105cy zaj\u0119cia sportowe otwiera i zamyka szatni\u0119 i odpowiada za przebywaj\u0105cych w niej uczni\u00f3w.<\/li>\n<li>Uczniowie korzystaj\u0105 z szatni w celu przebrania si\u0119, tj. przed i po sko\u0144czonych zaj\u0119ciach.<\/li>\n<li>Uczniowie wchodz\u0105 do szatni w obuwiu sportowym, przynosz\u0105 str\u00f3j sportowy. Okrycia wierzchnie (kurtki) i plecaki (tornistry) uczniowie pozostawiaj\u0105 w swoich szafkach na korytarzu.<\/li>\n<li>Uczniowie maj\u0105 obowi\u0105zek dba\u0107 o porz\u0105dek i czysto\u015b\u0107 w szatni, szanowa\u0107 w\u0142asne i cudze rzeczy tam pozostawione.<\/li>\n<li>Szko\u0142a nie ponosi odpowiedzialno\u015bci za pozostawione w szatni warto\u015bciowe rzeczy, bi\u017cuteri\u0119, ozdoby, sprz\u0119t elektroniczny (np. telefon kom\u00f3rkowy).<\/li>\n<\/ol>\n","protected":false},"excerpt":{"rendered":"<p>Sala gimnastyczna jest miejscem przeznaczonym do prowadzenia zaj\u0119\u0107 wychowania fizycznego, zaj\u0119\u0107 szkolnego ko\u0142a sportowego, rozgrywek sportowych i innych zaj\u0119\u0107 sportowych. [&hellip;]<\/p>\n","protected":false},"author":1,"featured_media":0,"parent":0,"menu_order":0,"comment_status":"closed","ping_status":"closed","template":"","meta":{"footnotes":""},"class_list":["post-1342","page","type-page","status-publish","hentry","has_no_thumb"],"aioseo_notices":[],"_links":{"self":[{"href":"https:\/\/sp6kwidzyn.pl\/index.php?rest_route=\/wp\/v2\/pages\/1342","targetHints":{"allow":["GET"]}}],"collection":[{"href":"https:\/\/sp6kwidzyn.pl\/index.php?rest_route=\/wp\/v2\/pages"}],"about":[{"href":"https:\/\/sp6kwidzyn.pl\/index.php?rest_route=\/wp\/v2\/types\/page"}],"author":[{"embeddable":true,"href":"https:\/\/sp6kwidzyn.pl\/index.php?rest_route=\/wp\/v2\/users\/1"}],"replies":[{"embeddable":true,"href":"https:\/\/sp6kwidzyn.pl\/index.php?rest_route=%2Fwp%2Fv2%2Fcomments&post=1342"}],"version-history":[{"count":0,"href":"https:\/\/sp6kwidzyn.pl\/index.php?rest_route=\/wp\/v2\/pages\/1342\/revisions"}],"wp:attachment":[{"href":"https:\/\/sp6kwidzyn.pl\/index.php?rest_route=%2Fwp%2Fv2%2Fmedia&parent=1342"}],"curies":[{"name":"wp","href":"https:\/\/api.w.org\/{rel}","templated":true}]}}