{"id":1336,"date":"2019-05-29T23:48:29","date_gmt":"2019-05-29T21:48:29","guid":{"rendered":"http:\/\/sp6kwidzyn.pl\/?page_id=1336"},"modified":"2019-05-29T23:48:29","modified_gmt":"2019-05-29T21:48:29","slug":"korzystanie-z-terenu-szkoly-placu-zabaw-pomieszczen-szkolnych-zasady-przebywania-w-budynku-szkoly","status":"publish","type":"page","link":"https:\/\/sp6kwidzyn.pl\/?page_id=1336","title":{"rendered":"Korzystanie z terenu szko\u0142y, placu zabaw, pomieszcze\u0144 szkolnych. Zasady przebywania w budynku szko\u0142y."},"content":{"rendered":"<p><u>Korzystanie z terenu szko\u0142y, pomieszcze\u0144 szkolnych.<\/u><\/p>\n<ol>\n<li>Ucze\u0144 podczas pobytu w szkole jest zobowi\u0105zany do przestrzegania obowi\u0105zuj\u0105cych w niej regulamin\u00f3w i procedur.<\/li>\n<li>Za bezpiecze\u0144stwo uczni\u00f3w podczas przerw odpowiadaj\u0105 nauczyciele dy\u017curuj\u0105cy.<\/li>\n<li>Podczas zaj\u0119\u0107 szkolnych boisko i teren szko\u0142y przeznaczone s\u0105 wy\u0142\u0105cznie dla uczni\u00f3w korzystaj\u0105cych z zaj\u0119\u0107 szkolnych pod opiek\u0105 nauczycieli. Pozosta\u0142e osoby mog\u0105 przebywa\u0107 na terenie przyszkolnym wy\u0142\u0105cznie za zgod\u0105 dyrektora szko\u0142y.<\/li>\n<li>Korzystanie z obiekt\u00f3w sportowych dla os\u00f3b postronnych mo\u017cliwe jest wy\u0142\u0105cznie po uprzednim uzgodnieniu z dyrektorem szko\u0142y.<\/li>\n<li>Na boisku szkolnym dzieci do lat siedmiu mog\u0105 przebywa\u0107 wy\u0142\u0105cznie pod opiek\u0105 doros\u0142ych.<\/li>\n<li>Na terenie szko\u0142y zabrania si\u0119:<\/li>\n<li>a) wprowadzania ps\u00f3w, kot\u00f3w i innych zwierz\u0105t,<\/li>\n<li>b) przebywania osobom pod wp\u0142ywem alkoholu lub innych \u015brodk\u00f3w odurzaj\u0105cych,<\/li>\n<li>c) stwarzania sytuacji zagra\u017caj\u0105cych zdrowiu i \u017cyciu,<\/li>\n<li>d) palenia papieros\u00f3w,<\/li>\n<li>e) spo\u017cywania napoj\u00f3w alkoholowych,<\/li>\n<li>f) palenia ognisk,<\/li>\n<li>g) niszczenia mienia szko\u0142y ( za wszelkie uszkodzenia odpowiada materialnie osoba, kt\u00f3ra wyrz\u0105dzi\u0142a szkod\u0119, lub jej prawni opiekunowie ),<\/li>\n<li>h) niszczenia zieleni,<\/li>\n<li>i) za\u015bmiecania terenu,<\/li>\n<li>j) wulgarnego zachowania,<\/li>\n<li>k) jakichkolwiek transakcji handlowych mi\u0119dzy uczniami,<\/li>\n<li>l) przynoszenia niebezpiecznych przedmiot\u00f3w, np. petard, ostrych narz\u0119dzi, laser\u00f3w itp.,<\/li>\n<li>m) fotografowania i nagrywania pracownik\u00f3w oraz uczni\u00f3w bez ich zgody.<\/li>\n<li>Osoby znajduj\u0105ce si\u0119 na terenie szko\u0142y zobowi\u0105zane s\u0105 do zachowania porz\u0105dku i przestrzegania powy\u017cszego regulaminu. W przypadku naruszenia jego postanowie\u0144 b\u0119d\u0105 poci\u0105gni\u0119ci do odpowiedzialno\u015bci administracyjnej.<\/li>\n<\/ol>\n<p><u>\u00a0<\/u><\/p>\n<p><u>Korzystanie ze szkolnego placu zabaw<\/u><\/p>\n<ol>\n<li>Przy szkole znajduje si\u0119 plac zabaw dla uczni\u00f3w, kt\u00f3rego u\u017cytkowanie okre\u015blone jest regulaminem.<\/li>\n<li>Wszyscy u\u017cytkownicy placu zabaw s\u0105 zobowi\u0105zani do przestrzegania jego regulaminu.<\/li>\n<li>Klasy I-III maj\u0105ce lekcj\u0119 wychowania fizycznego korzystaj\u0105 w pierwszej kolejno\u015bci z pomieszcze\u0144 gimnastycznych, nast\u0119pnie z boiska sportowego dla klas I-III. Je\u015bli ww. miejsca s\u0105 niedost\u0119pne nauczyciel mo\u017ce zrealizowa\u0107 sportowe zaj\u0119cia edukacyjne na terenie placu zabaw.<\/li>\n<li>Na placu zabaw organizowane s\u0105 zaj\u0119cia rekreacyjne dla ograniczonej liczby dzieci. Dopuszcza si\u0119 ilo\u015b\u0107 uczni\u00f3w w liczbie ok. 75 tj. trzech klas lub grup \u015bwietlicowych.<\/li>\n<li>Nauczyciele sprawuj\u0105 opiek\u0119 na placu zabaw w spos\u00f3b czynny, pozwalaj\u0105cy im na obserwacj\u0119 wszystkich swoich podopiecznych.<\/li>\n<\/ol>\n<p><u>\u00a0<\/u><\/p>\n<p><u>Zasady przebywania w budynku szko\u0142y.<\/u><\/p>\n<ol>\n<li>Ucze\u0144 mo\u017ce korzysta\u0107 ze wszystkich pomieszcze\u0144 szkolnych z wyj\u0105tkiem gospodarczych oraz ze sprz\u0119tu szkolnego i pomocy naukowych za wiedz\u0105, zgod\u0105 i pod nadzorem wychowawcy lub nauczyciela prowadz\u0105cego zaj\u0119cia.<\/li>\n<li>Zasady przebywania w pomieszczeniach biblioteki i pracowni szkolnych (komputerowej, fizyczno- chemicznej) oraz zasad korzystania ze sprz\u0119tu i wyposa\u017cenia tych pomieszcze\u0144 podane s\u0105 w odr\u0119bnych regulaminach.<\/li>\n<li>Przebywaj\u0105c w pracowni komputerowej nale\u017cy przestrzega\u0107 jej regulaminu, pami\u0119taj\u0105c o obowi\u0105zku wpisywania si\u0119 do rejestru korzystania z pracowni komputerowej.<\/li>\n<li>Uczniowie zobowi\u0105zani s\u0105 do szanowania i dbania o powierzone im mienie szkolne, pomoce naukowe i sprz\u0119t s\u0142u\u017c\u0105cy wszystkim uczniom i pracownikom szko\u0142y i u\u017cywanie go zgodnie z przeznaczeniem i zachowaniem zasad bezpiecze\u0144stwa.<\/li>\n<li>W przypadku nieumy\u015blnego uszkodzenia lub zniszczenia mienia szkolnego ucze\u0144 zobowi\u0105zany jest niezw\u0142ocznie powiadomi\u0107 o tym fakcie nauczyciela. Je\u017celi szkoda powsta\u0142a w wyniku ra\u017c\u0105cego zaniedbania, kradzie\u017cy lub spowo-dowana zosta\u0142a rozmy\u015blnie przez ucznia rodzice lub prawni opiekunowie zobowi\u0105zani s\u0105 do niezw\u0142ocznego jej pokrycia.<\/li>\n<\/ol>\n","protected":false},"excerpt":{"rendered":"<p>Korzystanie z terenu szko\u0142y, pomieszcze\u0144 szkolnych. Ucze\u0144 podczas pobytu w szkole jest zobowi\u0105zany do przestrzegania obowi\u0105zuj\u0105cych w niej regulamin\u00f3w i [&hellip;]<\/p>\n","protected":false},"author":1,"featured_media":0,"parent":0,"menu_order":0,"comment_status":"closed","ping_status":"closed","template":"","meta":{"footnotes":""},"class_list":["post-1336","page","type-page","status-publish","hentry","has_no_thumb"],"aioseo_notices":[],"_links":{"self":[{"href":"https:\/\/sp6kwidzyn.pl\/index.php?rest_route=\/wp\/v2\/pages\/1336","targetHints":{"allow":["GET"]}}],"collection":[{"href":"https:\/\/sp6kwidzyn.pl\/index.php?rest_route=\/wp\/v2\/pages"}],"about":[{"href":"https:\/\/sp6kwidzyn.pl\/index.php?rest_route=\/wp\/v2\/types\/page"}],"author":[{"embeddable":true,"href":"https:\/\/sp6kwidzyn.pl\/index.php?rest_route=\/wp\/v2\/users\/1"}],"replies":[{"embeddable":true,"href":"https:\/\/sp6kwidzyn.pl\/index.php?rest_route=%2Fwp%2Fv2%2Fcomments&post=1336"}],"version-history":[{"count":0,"href":"https:\/\/sp6kwidzyn.pl\/index.php?rest_route=\/wp\/v2\/pages\/1336\/revisions"}],"wp:attachment":[{"href":"https:\/\/sp6kwidzyn.pl\/index.php?rest_route=%2Fwp%2Fv2%2Fmedia&parent=1336"}],"curies":[{"name":"wp","href":"https:\/\/api.w.org\/{rel}","templated":true}]}}