{"id":1307,"date":"2019-05-29T23:36:19","date_gmt":"2019-05-29T21:36:19","guid":{"rendered":"http:\/\/sp6kwidzyn.pl\/?page_id=1307"},"modified":"2019-05-29T23:36:30","modified_gmt":"2019-05-29T21:36:30","slug":"procedury-postepowania-w-przypadku-przyniesienia-papierosow-lub-palenia-papierosow-przez-ucznia-na-terenie-szkoly","status":"publish","type":"page","link":"https:\/\/sp6kwidzyn.pl\/?page_id=1307","title":{"rendered":"Procedury post\u0119powania w przypadku przyniesienia papieros\u00f3w lub palenia papieros\u00f3w przez ucznia na terenie szko\u0142y"},"content":{"rendered":"<ol>\n<li>Odebranie uczniowi papieros\u00f3w przez nauczyciela interweniuj\u0105cego. Zobligowanie ucznia do zaprzestania takiego zachowania oraz do dalszego palenia papieros\u00f3w.<\/li>\n<li>Rozmowa nauczyciela interweniuj\u0105cego lub wychowawcy z uczniem maj\u0105ca na celu ustalenie ewentualnych innych uczestnik\u00f3w. Sporz\u0105dzenie notatki informacyjnej ze zdarzenia do dziennika.<\/li>\n<li>W przypadku wyst\u0105pienia objaw\u00f3w chorobowych \u2013 przekazanie ucznia rodzicom (opiekunom prawnym).<\/li>\n<li>Rozmowa wychowawcy z uczniem\/uczniami bior\u0105cymi udzia\u0142 w zaj\u015bciu \u2013 profilaktyka zagro\u017ce\u0144 oraz konsekwencji wynikaj\u0105cych z palenia tytoniu na terenie szko\u0142y.<\/li>\n<li>Przekazanie informacji przez wychowawc\u0119 rodzicom (opiekunom prawnym) o zaistnia\u0142ym fakcie wraz z\u00a0podj\u0119tymi przez szko\u0142\u0119 sankcjami zgodnymi ze Statutem oraz konsekwencjami wynikaj\u0105cymi z dalszego palenia papieros\u00f3w przez ucznia (informacja zostanie przes\u0142ana do S\u0105du Rodzinnego).<\/li>\n<li>Obj\u0119cie ucznia pomoc\u0105 psychologiczno \u2013 pedagogiczn\u0105 przez specjalist\u0119 szkolnego.<\/li>\n<\/ol>\n","protected":false},"excerpt":{"rendered":"<p>Odebranie uczniowi papieros\u00f3w przez nauczyciela interweniuj\u0105cego. Zobligowanie ucznia do zaprzestania takiego zachowania oraz do dalszego palenia papieros\u00f3w. Rozmowa nauczyciela interweniuj\u0105cego [&hellip;]<\/p>\n","protected":false},"author":1,"featured_media":0,"parent":0,"menu_order":0,"comment_status":"closed","ping_status":"closed","template":"","meta":{"footnotes":""},"class_list":["post-1307","page","type-page","status-publish","hentry","has_no_thumb"],"aioseo_notices":[],"_links":{"self":[{"href":"https:\/\/sp6kwidzyn.pl\/index.php?rest_route=\/wp\/v2\/pages\/1307","targetHints":{"allow":["GET"]}}],"collection":[{"href":"https:\/\/sp6kwidzyn.pl\/index.php?rest_route=\/wp\/v2\/pages"}],"about":[{"href":"https:\/\/sp6kwidzyn.pl\/index.php?rest_route=\/wp\/v2\/types\/page"}],"author":[{"embeddable":true,"href":"https:\/\/sp6kwidzyn.pl\/index.php?rest_route=\/wp\/v2\/users\/1"}],"replies":[{"embeddable":true,"href":"https:\/\/sp6kwidzyn.pl\/index.php?rest_route=%2Fwp%2Fv2%2Fcomments&post=1307"}],"version-history":[{"count":0,"href":"https:\/\/sp6kwidzyn.pl\/index.php?rest_route=\/wp\/v2\/pages\/1307\/revisions"}],"wp:attachment":[{"href":"https:\/\/sp6kwidzyn.pl\/index.php?rest_route=%2Fwp%2Fv2%2Fmedia&parent=1307"}],"curies":[{"name":"wp","href":"https:\/\/api.w.org\/{rel}","templated":true}]}}