{"id":1272,"date":"2019-05-29T23:20:45","date_gmt":"2019-05-29T21:20:45","guid":{"rendered":"http:\/\/sp6kwidzyn.pl\/?page_id=1272"},"modified":"2019-05-29T23:20:45","modified_gmt":"2019-05-29T21:20:45","slug":"procedura-postepowania-w-przypadku-nierealizowania-obowiazku-szkolnego-i-nauki-spoznien-i-wagarow","status":"publish","type":"page","link":"https:\/\/sp6kwidzyn.pl\/?page_id=1272","title":{"rendered":"Procedura post\u0119powania w przypadku nierealizowania obowi\u0105zku szkolnego i nauki, sp\u00f3\u017anie\u0144 i wagar\u00f3w"},"content":{"rendered":"<p><u>W przypadku nierealizowania przez ucznia obowi\u0105zku szkolnego i nauki:<\/u><\/p>\n<ol>\n<li>Powiadomi\u0107 wychowawc\u0119 klasy, pedagoga szkolnego i dyrekcj\u0119 szko\u0142y.<\/li>\n<li>Telefonicznie, lub w razie potrzeby pisemnie, powiadomi\u0107 rodzic\u00f3w lub opiekun\u00f3w prawnych; zaprosi\u0107 do wsp\u00f3\u0142pracy nad rozwi\u0105zaniem problemu.<\/li>\n<li>Przeprowadzi\u0107 rozmow\u0119 z dzieckiem i rodzicami, udokumentowa\u0107 rozmow\u0119, w tym ewentualnie spisa\u0107 kontrakt.<\/li>\n<li>W przypadku braku wsp\u00f3\u0142pracy ze strony rodzic\u00f3w wys\u0142a\u0107 do rodzic\u00f3w pisemne upomnienie o braku realizacji obowi\u0105zku szkolnego, zawieraj\u0105ce r\u00f3wnie\u017c informacj\u0119 o skierowaniu sprawy na drog\u0119 post\u0119powania egzekucyjnego w przypadku dalszego niewype\u0142niania obowi\u0105zku szkolnego.<\/li>\n<li>W przypadku braku efekt\u00f3w prowadzonych dzia\u0142a\u0144, po up\u0142ywie siedmiu dni dyrektor kieruje wniosek o wszcz\u0119cie egzekucji administracyjnej do organu kt\u00f3rym jest w\u0142a\u015bciwa gmina. Wymagane dokumenty to:<\/li>\n<li>Wniosek dyrektora szko\u0142y o wszcz\u0119cie egzekucji administracyjnej obowi\u0105zku szkolnego i na\u0142o\u017cenie grzywny w celu przymuszenia.<\/li>\n<li>Tytu\u0142 wykonawczy wystawiony przez dyrektora szko\u0142y z za\u0142\u0105czonym upomnieniem oraz dowodem jego dor\u0119czenia<\/li>\n<li>Powiadomi\u0107 pisemnie s\u0105d rodzinny.<\/li>\n<\/ol>\n<p><u>\u00a0<\/u><\/p>\n<p><u>Post\u0119powanie w przypadku sp\u00f3\u017anie\u0144 lub wagar\u00f3w:<\/u><\/p>\n<p>Samowolne opuszczenie szko\u0142y przez ucznia w trakcie trwania zaj\u0119\u0107 edukacyjnych jest r\u00f3wnoznaczne z ucieczk\u0105 z lekcji (bez mo\u017cliwo\u015bci usprawiedliwienia).<\/p>\n<ol>\n<li>Nauczyciel zaj\u0119\u0107 dokonuje wpisu sp\u00f3\u017anienia, nieobecno\u015bci ucznia do dziennika lekcyjnego.<\/li>\n<li>Nieobecno\u015b\u0107 ucznia, kt\u00f3ry by\u0142 w danym dniu na wcze\u015bniejszych zaj\u0119ciach (co wynika z zapisu w dzienniku lekcyjnym), a na danej lekcji nie pojawi\u0142 si\u0119 i nie ma zapisu o jego zwolnieniu z zaj\u0119\u0107, nauczyciel odnotowuje w dzienniku zaj\u0119\u0107 w uwagach i zg\u0142asza po zaj\u0119ciach wychowawcy z podejrzeniem ucieczki ucznia ze szko\u0142y.<\/li>\n<li>Nauczyciel fakt ten zg\u0142asza specjali\u015bcie szkolnemu, kt\u00f3ry telefonicznie informuje rodzic\u00f3w (prawnych opiekun\u00f3w ) ucznia o jego nieobecno\u015bci.<\/li>\n<li>W przypadku powtarzaj\u0105cych si\u0119 sp\u00f3\u017anie\u0144 ucznia, wychowawca przeprowadza rozmow\u0119 z uczniem w celu ustalenia przyczyn<\/li>\n<li>Poinformowanie rodzic\u00f3w o licznych sp\u00f3\u017anieniach ucznia na lekcje. Podj\u0119cie \u015brodk\u00f3w zaradczych we wsp\u00f3\u0142pracy z rodzicem oraz uczniem.<\/li>\n<li>Kary stosowane zgodnie z WSO i Statutem.<\/li>\n<\/ol>\n","protected":false},"excerpt":{"rendered":"<p>W przypadku nierealizowania przez ucznia obowi\u0105zku szkolnego i nauki: Powiadomi\u0107 wychowawc\u0119 klasy, pedagoga szkolnego i dyrekcj\u0119 szko\u0142y. Telefonicznie, lub w [&hellip;]<\/p>\n","protected":false},"author":1,"featured_media":0,"parent":0,"menu_order":0,"comment_status":"closed","ping_status":"closed","template":"","meta":{"footnotes":""},"class_list":["post-1272","page","type-page","status-publish","hentry","has_no_thumb"],"aioseo_notices":[],"_links":{"self":[{"href":"https:\/\/sp6kwidzyn.pl\/index.php?rest_route=\/wp\/v2\/pages\/1272","targetHints":{"allow":["GET"]}}],"collection":[{"href":"https:\/\/sp6kwidzyn.pl\/index.php?rest_route=\/wp\/v2\/pages"}],"about":[{"href":"https:\/\/sp6kwidzyn.pl\/index.php?rest_route=\/wp\/v2\/types\/page"}],"author":[{"embeddable":true,"href":"https:\/\/sp6kwidzyn.pl\/index.php?rest_route=\/wp\/v2\/users\/1"}],"replies":[{"embeddable":true,"href":"https:\/\/sp6kwidzyn.pl\/index.php?rest_route=%2Fwp%2Fv2%2Fcomments&post=1272"}],"version-history":[{"count":0,"href":"https:\/\/sp6kwidzyn.pl\/index.php?rest_route=\/wp\/v2\/pages\/1272\/revisions"}],"wp:attachment":[{"href":"https:\/\/sp6kwidzyn.pl\/index.php?rest_route=%2Fwp%2Fv2%2Fmedia&parent=1272"}],"curies":[{"name":"wp","href":"https:\/\/api.w.org\/{rel}","templated":true}]}}