{"id":1266,"date":"2019-05-29T22:58:44","date_gmt":"2019-05-29T20:58:44","guid":{"rendered":"http:\/\/sp6kwidzyn.pl\/?page_id=1266"},"modified":"2019-05-29T22:58:44","modified_gmt":"2019-05-29T20:58:44","slug":"wykrycie-znalezienie-bomby-podejrzanego-przedmiotu","status":"publish","type":"page","link":"https:\/\/sp6kwidzyn.pl\/?page_id=1266","title":{"rendered":"Wykrycie\/znalezienie bomby (podejrzanego przedmiotu)"},"content":{"rendered":"<ol>\n<li>Nie dotykaj podejrzanego przedmiotu.<\/li>\n<\/ol>\n<p><strong>UWAGA! <\/strong>Je\u015bli widzisz \u201ebomb\u0119\u201d to oznacza, \u017ce jeste\u015b w polu jej ra\u017cenia.<\/p>\n<ol start=\"2\">\n<li>Zadzwo\u0144 pod jeden z mer\u00f3w alarmowych.<\/li>\n<li>Zabezpiecz, w miar\u0119 mo\u017cliwo\u015bci, rejon zagro\u017cenia w spos\u00f3b uniemo\u017cliwiaj\u0105cy dost\u0119p osobom postronnym \u2013 g\u0142\u00f3wnie uczniom, nie nara\u017caj siebie i innych na niebezpiecze\u0144stwo.<\/li>\n<li>Powiadom o zagro\u017ceniu personel szko\u0142y oraz uczni\u00f3w, w spos\u00f3b nie wywo\u0142uj\u0105cy paniki!<\/li>\n<li>Zarz\u0105d\u017a przeprowadzenie ewakuacji zgodnie z obowi\u0105zuj\u0105c\u0105 instrukcj\u0105.<\/li>\n<li>Zabezpiecz wa\u017cne dokumenty, pieni\u0105dze.<\/li>\n<li>Wy\u0142\u0105cz lub zle\u0107 pracownikowi ds. technicznych wy\u0142\u0105czenie dop\u0142ywu gazu i pr\u0105du.<\/li>\n<li>Otw\u00f3rz okna i drzwi.<\/li>\n<li>Usu\u0144 z otoczenia wszystkie materia\u0142y \u0142atwopalne.<\/li>\n<li>Nie u\u017cywaj w pobli\u017cu podejrzanego \u0142adunku urz\u0105dze\u0144 radiowych (radiotelefon\u00f3w, telefon\u00f3w kom\u00f3rkowych).<\/li>\n<li>Po przybyciu w\u0142a\u015bciwych s\u0142u\u017cb, bezwzgl\u0119dnie stosuj si\u0119 do ich zalece\u0144.<\/li>\n<\/ol>\n<p><strong><u>Po wybuchu bomby.<\/u><\/strong><\/p>\n<ol>\n<li>Oce\u0144 sytuacj\u0119 pod k\u0105tem ilo\u015bci os\u00f3b poszkodowanych i upewnij si\u0119, jakiego rodzaju zagro\u017cenia spowodowa\u0142 wybuch.<\/li>\n<li>Zadzwo\u0144 pod jeden z numer\u00f3w alarmowych.<\/li>\n<li>Udziel pierwszej pomocy najbardziej potrzebuj\u0105cym.<\/li>\n<li>Sprawd\u017a bezpiecze\u0144stwo dr\u00f3g i rejon\u00f3w ewakuacyjnych, a nast\u0119pnie zarz\u0105d\u017a przeprowadzenie ewakuacji zgodnie z obowi\u0105zuj\u0105c\u0105 instrukcj\u0105.<\/li>\n<li>W przypadku, gdy wybuch spowodowa\u0142 inne zagro\u017cenie, podejmij dzia\u0142ania odpowiednie do sytuacji.<\/li>\n<li>Po przybyciu w\u0142a\u015bciwych s\u0142u\u017cb, bezwzgl\u0119dnie stosuj si\u0119 do ich zalece\u0144.<\/li>\n<\/ol>\n","protected":false},"excerpt":{"rendered":"<p>Nie dotykaj podejrzanego przedmiotu. UWAGA! Je\u015bli widzisz \u201ebomb\u0119\u201d to oznacza, \u017ce jeste\u015b w polu jej ra\u017cenia. Zadzwo\u0144 pod jeden z [&hellip;]<\/p>\n","protected":false},"author":1,"featured_media":0,"parent":0,"menu_order":0,"comment_status":"closed","ping_status":"closed","template":"","meta":{"footnotes":""},"class_list":["post-1266","page","type-page","status-publish","hentry","has_no_thumb"],"aioseo_notices":[],"_links":{"self":[{"href":"https:\/\/sp6kwidzyn.pl\/index.php?rest_route=\/wp\/v2\/pages\/1266","targetHints":{"allow":["GET"]}}],"collection":[{"href":"https:\/\/sp6kwidzyn.pl\/index.php?rest_route=\/wp\/v2\/pages"}],"about":[{"href":"https:\/\/sp6kwidzyn.pl\/index.php?rest_route=\/wp\/v2\/types\/page"}],"author":[{"embeddable":true,"href":"https:\/\/sp6kwidzyn.pl\/index.php?rest_route=\/wp\/v2\/users\/1"}],"replies":[{"embeddable":true,"href":"https:\/\/sp6kwidzyn.pl\/index.php?rest_route=%2Fwp%2Fv2%2Fcomments&post=1266"}],"version-history":[{"count":0,"href":"https:\/\/sp6kwidzyn.pl\/index.php?rest_route=\/wp\/v2\/pages\/1266\/revisions"}],"wp:attachment":[{"href":"https:\/\/sp6kwidzyn.pl\/index.php?rest_route=%2Fwp%2Fv2%2Fmedia&parent=1266"}],"curies":[{"name":"wp","href":"https:\/\/api.w.org\/{rel}","templated":true}]}}