{"id":10080,"date":"2023-11-07T08:25:21","date_gmt":"2023-11-07T07:25:21","guid":{"rendered":"https:\/\/sp6kwidzyn.pl\/?page_id=10080"},"modified":"2025-06-23T13:17:05","modified_gmt":"2025-06-23T11:17:05","slug":"erasmus-2022","status":"publish","type":"page","link":"https:\/\/sp6kwidzyn.pl\/?page_id=10080","title":{"rendered":"Fundusze Europejskie. Projekt 2022"},"content":{"rendered":"<p><img loading=\"lazy\" decoding=\"async\" class=\"aligncenter size-full wp-image-11606\" src=\"https:\/\/sp6kwidzyn.pl\/wp-content\/uploads\/2025\/06\/projekt-ue1.jpg\" alt=\"\" width=\"2492\" height=\"287\" srcset=\"https:\/\/sp6kwidzyn.pl\/wp-content\/uploads\/2025\/06\/projekt-ue1.jpg 2492w, https:\/\/sp6kwidzyn.pl\/wp-content\/uploads\/2025\/06\/projekt-ue1-300x35.jpg 300w, https:\/\/sp6kwidzyn.pl\/wp-content\/uploads\/2025\/06\/projekt-ue1-1024x118.jpg 1024w, https:\/\/sp6kwidzyn.pl\/wp-content\/uploads\/2025\/06\/projekt-ue1-768x88.jpg 768w, https:\/\/sp6kwidzyn.pl\/wp-content\/uploads\/2025\/06\/projekt-ue1-1536x177.jpg 1536w, https:\/\/sp6kwidzyn.pl\/wp-content\/uploads\/2025\/06\/projekt-ue1-2048x236.jpg 2048w\" sizes=\"auto, (max-width: 2492px) 100vw, 2492px\" \/><\/p>\n<p><strong>Szko\u0142a Podstawowa nr 6 w Kwidzynie im. dra W\u0142adys\u0142awa G\u0119bika z Oddzia\u0142ami Integracyjnymi\u00a0<\/strong> uzyska\u0142a dotacj\u0119 z Unii Europejskiej na projekt \u201e&#8221;<em><strong>Ka\u017cdemu dziecku naprzeciw &#8211; ustawiczne kszta\u0142cenie nauczycieli odpowiadaj\u0105ce na potrzeby uczni\u00f3w oraz <\/strong><\/em><em><strong>wsp\u00f3\u0142czesnej szko\u0142y&#8221;<\/strong><\/em><br \/>\n<strong>W Szkole Podstawowej nr 6 w Kwidzynie <\/strong>\u00a0podejmujemy dzia\u0142ania zmierzaj\u0105ce do ponoszenia kompetencji j\u0119zykowych kadry pedagogicznej szko\u0142y tak, aby dzi\u0119ki usuni\u0119ciu ogranicze\u0144 komunikacyjnych &#8211; mo\u017cliwa by\u0142a realizacja potrzeb naszych uczni\u00f3w oraz wyzwa\u0144 wsp\u00f3\u0142czesnej, europejskiej szko\u0142y.<\/p>\n<p>Projekt &#8222;Ka\u017cdemu dziecku naprzeciw&#8221; &#8211; ustawiczne kszta\u0142cenie nauczycieli odpowiadaj\u0105ce na potrzeby uczni\u00f3w oraz wsp\u00f3\u0142czesnej szko\u0142y\u201d, zosta\u0142 opracowany z powodu ch\u0119ci ci\u0105g\u0142ego rozwoju zar\u00f3wno plac\u00f3wki jak i jej pracownik\u00f3w.<br \/>\nNaszym celem jest dobro naszych uczni\u00f3w, a bez ci\u0105g\u0142ej pracy nie jeste\u015bmy w stanie by\u0107 <em><strong>szko\u0142\u0105 \u015bwiadom\u0105<\/strong><\/em> oraz <em><strong>odpowiadaj\u0105c\u0105 na potrzeby uczni\u00f3w<\/strong><\/em>. Pragniemy podejmowa\u0107 nowe wyzwania, chcemy by\u0107 plac\u00f3wk\u0105 \u015bwiadom\u0105, prze\u0142amywa\u0107 stereotypy o nudnej i nierozwijaj\u0105cej si\u0119 szkole. Sytuacja polityczna oraz rozw\u00f3j gospodarczy stawia przed nami wyzwania, na kt\u00f3re musimy odpowiedzie\u0107. Dlatego te\u017c, chcemy sprosta\u0107 tym wyzwaniom i podejmujemy pr\u00f3b\u0119 udzia\u0142u w projekcie.<\/p>\n<p>W projekcie planujemy przeszkoli\u0107 <strong>17 nauczycieli<\/strong>, kt\u00f3rzy poszerz\u0105 horyzonty, nab\u0119d\u0105 przekonania o swoich umiej\u0119tno\u015bciach komunikacyjnych, zdob\u0119d\u0105 wiedz\u0119, kt\u00f3r\u0105 b\u0119d\u0105 mogli zastosowa\u0107 w swoim warsztacie pracy. Uczestnicy poznaj\u0105 za\u0142o\u017cenia i <em><strong>praktyczne rozwi\u0105zania<\/strong><\/em> stosowane w poszczeg\u00f3lnych podej\u015bciach, pedagogikach czy metodykach pracy z uczniami. Zdob\u0119d\u0105 r\u00f3wnie\u017c do\u015bwiadczenie innych narodowo\u015bci oraz nawi\u0105\u017c\u0105 sta\u0142\u0105 <em><strong>wsp\u00f3\u0142prac\u0119 z nauczycielami z zagranicznych plac\u00f3wek<\/strong><\/em>.<br \/>\nNauczyciele bior\u0105cy udzia\u0142 w mobilno\u015bci podziel\u0105 si\u0119 wiedz\u0105 podczas rad pedagogicznych, zostan\u0105 zobowi\u0105zani do wyg\u0142oszenia prelekcji oraz przedstawienia innowacji pedagogicznych zaczerpni\u0119tych z zagranicznych system\u00f3w edukacyjnych prowadzonych w krajach partnerskich. Wszystkie materia\u0142y oraz dorobek intelektualny zostanie wprowadzony do dokumentacji szkolnej oraz przedstawiony plac\u00f3wkom, kt\u00f3re chcia\u0142yby takie informacje uzyska\u0107. Zostan\u0105 zorganizowane warsztaty dla uczni\u00f3w, w kt\u00f3rych wykorzystane zostan\u0105 umiej\u0119tno\u015bci zdobyte podczas mobilno\u015bci.<\/p>\n<p>Docelowo w szkole zostan\u0105 wprowadzone elementy nauczania <em><strong>komunikacji j\u0119zykowej na nauczanych przedmiotach<\/strong><\/em>. Po zako\u0144czonym kursie, jego uczestnicy b\u0119d\u0105 mogli r\u00f3wnie\u017c podzieli\u0107 si\u0119 wiedz\u0105 z reszt\u0105 kadry, np. metody stosowane w nauczaniu, u\u017cycie multimedi\u00f3w w nauczaniu, wykorzystanie metod aktywizuj\u0105cych.<\/p>\n<p>Efektem projektu b\u0119dzie:<\/p>\n<ul>\n<li>Zwi\u0119kszenie liczby pracownik\u00f3w pedagogicznych pos\u0142uguj\u0105cych si\u0119 j.ang. w spos\u00f3b komunikatywny umo\u017cliwiaj\u0105cy<br \/>\nuczniom i nauczycielom rozwijanie komunikacji j\u0119zykowej i jak najcz\u0119stszego stosowania CLIL.<\/li>\n<li>Wdro\u017cenie efektywnych i innowacyjnych metod, narz\u0119dzi, strategii, dostosowa\u0144, kt\u00f3re korzystnie wp\u0142yn\u0105 na ide\u0119 integracji<br \/>\noraz na wyr\u00f3wnywanie szans na sukces uczni\u00f3w ze SPE.<\/li>\n<li>Stworzenie uczniom zr\u00f3\u017cnicowanym etnicznie bezpiecznych oraz przyjaznych warunk\u00f3w do nauki.<\/li>\n<li>Rozwijanie \u015bwiadomo\u015bci ekologicznej i zachowa\u0144 proekologicznych skierowanego do ca\u0142ej spo\u0142eczno\u015bci szkolnej.<\/li>\n<\/ul>\n<p><strong>#FunduszeUE #FunduszeEuropejskie<\/strong><\/p>\n<p>Warto\u015b\u0107 projektu :<em><strong> 250 369, 88 PLN<br \/>\n<\/strong><\/em>Wysoko\u015b\u0107 wk\u0142adu z Funduszy Europejskich:<strong> 82,52%<\/strong><br \/>\nWysoko\u015b\u0107 \u015brodk\u00f3w bud\u017cetu krajowego: <strong>17,48%<\/strong><\/p>\n<p><a href=\"https:\/\/www.youtube.com\/watch?v=t1bJb0Y2xjk\">Uczymy si\u0119 j. angielskiego na Cyprze<\/a><\/p>\n<p><a href=\"https:\/\/www.youtube.com\/watch?v=t1bJb0Y2xjk\"><img loading=\"lazy\" decoding=\"async\" class=\"aligncenter size-full wp-image-10984\" src=\"https:\/\/sp6kwidzyn.pl\/wp-content\/uploads\/2024\/11\/cyprsp6.jpg\" alt=\"\" width=\"1035\" height=\"821\" srcset=\"https:\/\/sp6kwidzyn.pl\/wp-content\/uploads\/2024\/11\/cyprsp6.jpg 1035w, https:\/\/sp6kwidzyn.pl\/wp-content\/uploads\/2024\/11\/cyprsp6-300x238.jpg 300w, https:\/\/sp6kwidzyn.pl\/wp-content\/uploads\/2024\/11\/cyprsp6-1024x812.jpg 1024w, https:\/\/sp6kwidzyn.pl\/wp-content\/uploads\/2024\/11\/cyprsp6-768x609.jpg 768w\" sizes=\"auto, (max-width: 1035px) 100vw, 1035px\" \/><\/a><\/p>\n<p>&nbsp;<\/p>\n<p>&nbsp;<\/p>\n","protected":false},"excerpt":{"rendered":"<p>Szko\u0142a Podstawowa nr 6 w Kwidzynie im. dra W\u0142adys\u0142awa G\u0119bika z Oddzia\u0142ami Integracyjnymi\u00a0 uzyska\u0142a dotacj\u0119 z Unii Europejskiej na projekt [&hellip;]<\/p>\n","protected":false},"author":1,"featured_media":0,"parent":0,"menu_order":0,"comment_status":"closed","ping_status":"closed","template":"","meta":{"footnotes":""},"class_list":["post-10080","page","type-page","status-publish","hentry","has_thumb"],"aioseo_notices":[],"_links":{"self":[{"href":"https:\/\/sp6kwidzyn.pl\/index.php?rest_route=\/wp\/v2\/pages\/10080","targetHints":{"allow":["GET"]}}],"collection":[{"href":"https:\/\/sp6kwidzyn.pl\/index.php?rest_route=\/wp\/v2\/pages"}],"about":[{"href":"https:\/\/sp6kwidzyn.pl\/index.php?rest_route=\/wp\/v2\/types\/page"}],"author":[{"embeddable":true,"href":"https:\/\/sp6kwidzyn.pl\/index.php?rest_route=\/wp\/v2\/users\/1"}],"replies":[{"embeddable":true,"href":"https:\/\/sp6kwidzyn.pl\/index.php?rest_route=%2Fwp%2Fv2%2Fcomments&post=10080"}],"version-history":[{"count":22,"href":"https:\/\/sp6kwidzyn.pl\/index.php?rest_route=\/wp\/v2\/pages\/10080\/revisions"}],"predecessor-version":[{"id":11614,"href":"https:\/\/sp6kwidzyn.pl\/index.php?rest_route=\/wp\/v2\/pages\/10080\/revisions\/11614"}],"wp:attachment":[{"href":"https:\/\/sp6kwidzyn.pl\/index.php?rest_route=%2Fwp%2Fv2%2Fmedia&parent=10080"}],"curies":[{"name":"wp","href":"https:\/\/api.w.org\/{rel}","templated":true}]}}

<p><img loading="lazy" decoding="async" class="aligncenter size-full wp-image-11606" src="https://sp6kwidzyn.pl/wp-content/uploads/2025/06/projekt-ue1.jpg" alt="" width="2492" height="287" srcset="https://sp6kwidzyn.pl/wp-content/uploads/2025/06/projekt-ue1.jpg 2492w, https://sp6kwidzyn.pl/wp-content/uploads/2025/06/projekt-ue1-300x35.jpg 300w, https://sp6kwidzyn.pl/wp-content/uploads/2025/06/projekt-ue1-1024x118.jpg 1024w, https://sp6kwidzyn.pl/wp-content/uploads/2025/06/projekt-ue1-768x88.jpg 768w, https://sp6kwidzyn.pl/wp-content/uploads/2025/06/projekt-ue1-1536x177.jpg 1536w, https://sp6kwidzyn.pl/wp-content/uploads/2025/06/projekt-ue1-2048x236.jpg 2048w" sizes="auto, (max-width: 2492px) 100vw, 2492px" /></p>
<p><strong>Szkoła Podstawowa nr 6 w Kwidzynie im. dra Władysława Gębika z Oddziałami Integracyjnymi </strong> uzyskała dotację z Unii Europejskiej na projekt „&#8221;<em><strong>Każdemu dziecku naprzeciw &#8211; ustawiczne kształcenie nauczycieli odpowiadające na potrzeby uczniów oraz </strong></em><em><strong>współczesnej szkoły&#8221;</strong></em><br />
<strong>W Szkole Podstawowej nr 6 w Kwidzynie </strong> podejmujemy działania zmierzające do ponoszenia kompetencji językowych kadry pedagogicznej szkoły tak, aby dzięki usunięciu ograniczeń komunikacyjnych &#8211; możliwa była realizacja potrzeb naszych uczniów oraz wyzwań współczesnej, europejskiej szkoły.</p>
<p>Projekt &#8222;Każdemu dziecku naprzeciw&#8221; &#8211; ustawiczne kształcenie nauczycieli odpowiadające na potrzeby uczniów oraz współczesnej szkoły”, został opracowany z powodu chęci ciągłego rozwoju zarówno placówki jak i jej pracowników.<br />
Naszym celem jest dobro naszych uczniów, a bez ciągłej pracy nie jesteśmy w stanie być <em><strong>szkołą świadomą</strong></em> oraz <em><strong>odpowiadającą na potrzeby uczniów</strong></em>. Pragniemy podejmować nowe wyzwania, chcemy być placówką świadomą, przełamywać stereotypy o nudnej i nierozwijającej się szkole. Sytuacja polityczna oraz rozwój gospodarczy stawia przed nami wyzwania, na które musimy odpowiedzieć. Dlatego też, chcemy sprostać tym wyzwaniom i podejmujemy próbę udziału w projekcie.</p>
<p>W projekcie planujemy przeszkolić <strong>17 nauczycieli</strong>, którzy poszerzą horyzonty, nabędą przekonania o swoich umiejętnościach komunikacyjnych, zdobędą wiedzę, którą będą mogli zastosować w swoim warsztacie pracy. Uczestnicy poznają założenia i <em><strong>praktyczne rozwiązania</strong></em> stosowane w poszczególnych podejściach, pedagogikach czy metodykach pracy z uczniami. Zdobędą również doświadczenie innych narodowości oraz nawiążą stałą <em><strong>współpracę z nauczycielami z zagranicznych placówek</strong></em>.<br />
Nauczyciele biorący udział w mobilności podzielą się wiedzą podczas rad pedagogicznych, zostaną zobowiązani do wygłoszenia prelekcji oraz przedstawienia innowacji pedagogicznych zaczerpniętych z zagranicznych systemów edukacyjnych prowadzonych w krajach partnerskich. Wszystkie materiały oraz dorobek intelektualny zostanie wprowadzony do dokumentacji szkolnej oraz przedstawiony placówkom, które chciałyby takie informacje uzyskać. Zostaną zorganizowane warsztaty dla uczniów, w których wykorzystane zostaną umiejętności zdobyte podczas mobilności.</p>
<p>Docelowo w szkole zostaną wprowadzone elementy nauczania <em><strong>komunikacji językowej na nauczanych przedmiotach</strong></em>. Po zakończonym kursie, jego uczestnicy będą mogli również podzielić się wiedzą z resztą kadry, np. metody stosowane w nauczaniu, użycie multimediów w nauczaniu, wykorzystanie metod aktywizujących.</p>
<p>Efektem projektu będzie:</p>
<ul>
<li>Zwiększenie liczby pracowników pedagogicznych posługujących się j.ang. w sposób komunikatywny umożliwiający<br />
uczniom i nauczycielom rozwijanie komunikacji językowej i jak najczęstszego stosowania CLIL.</li>
<li>Wdrożenie efektywnych i innowacyjnych metod, narzędzi, strategii, dostosowań, które korzystnie wpłyną na ideę integracji<br />
oraz na wyrównywanie szans na sukces uczniów ze SPE.</li>
<li>Stworzenie uczniom zróżnicowanym etnicznie bezpiecznych oraz przyjaznych warunków do nauki.</li>
<li>Rozwijanie świadomości ekologicznej i zachowań proekologicznych skierowanego do całej społeczności szkolnej.</li>
</ul>
<p><strong>#FunduszeUE #FunduszeEuropejskie</strong></p>
<p>Wartość projektu :<em><strong> 250 369, 88 PLN<br />
</strong></em>Wysokość wkładu z Funduszy Europejskich:<strong> 82,52%</strong><br />
Wysokość środków budżetu krajowego: <strong>17,48%</strong></p>
<p><a href="https://www.youtube.com/watch?v=t1bJb0Y2xjk">Uczymy się j. angielskiego na Cyprze</a></p>
<p><a href="https://www.youtube.com/watch?v=t1bJb0Y2xjk"><img loading="lazy" decoding="async" class="aligncenter size-full wp-image-10984" src="https://sp6kwidzyn.pl/wp-content/uploads/2024/11/cyprsp6.jpg" alt="" width="1035" height="821" srcset="https://sp6kwidzyn.pl/wp-content/uploads/2024/11/cyprsp6.jpg 1035w, https://sp6kwidzyn.pl/wp-content/uploads/2024/11/cyprsp6-300x238.jpg 300w, https://sp6kwidzyn.pl/wp-content/uploads/2024/11/cyprsp6-1024x812.jpg 1024w, https://sp6kwidzyn.pl/wp-content/uploads/2024/11/cyprsp6-768x609.jpg 768w" sizes="auto, (max-width: 1035px) 100vw, 1035px" /></a></p>
<p>&nbsp;</p>
<p>&nbsp;</p>

<p>Szkoła Podstawowa nr 6 w Kwidzynie im. dra Władysława Gębika z Oddziałami Integracyjnymi  uzyskała dotację z Unii Europejskiej na projekt [&hellip;]</p>
